{"id":85492,"date":"2025-11-17T23:47:38","date_gmt":"2025-11-17T23:47:38","guid":{"rendered":"https:\/\/maryme.pt\/real-weddings\/helen-david\/"},"modified":"2026-01-22T14:23:25","modified_gmt":"2026-01-22T14:23:25","slug":"helen-david","status":"publish","type":"real-weddings","link":"https:\/\/maryme.pt\/pt-pt\/real-weddings\/helen-david\/","title":{"rendered":"Helen &amp; David"},"content":{"rendered":"","protected":false},"featured_media":85491,"template":"","meta":{"_acf_changed":false},"categories":[369,312,359,304,298,263,293,360,283,178,29],"tags":[],"class_list":["post-85492","real-weddings","type-real-weddings","status-publish","has-post-thumbnail","hentry","category-casamentos-chineses","category-casamentos-em-palacios","category-casamentos-junto-a-agua","category-casamentos-medios","category-casamentos-no-verao","category-pestana-palacio-do-freixo-casamentos","category-casamentos-porto","category-casamentos-romanticos","category-casamentos-cerimonia-simbolica","category-espacos-para-casamento-em-portugal","category-planeamento-completo-de-casamento"],"acf":{"couples_names":"Helen & David","wedding_type":"Destination Wedding","wedding_type_url":"https:\/\/maryme.pt\/services\/destination-weddings\/","wedding_region":"Porto","wedding_region_url":"","wedding_venue":"Pestana Pal\u00e1cio do Freixo","wedding_venue_url":"","wedding_date":"20241015","wedding_guests":"120","wedding_guests_text":"Convidados","wedding_size":"Midsize Wedding","wedding_size_url":"","main_image_set":{"main_image_set_left_image":85624,"main_image_set_center_image":85622,"main_image_set_right_image":85623},"main_title":"Por Tr\u00e1s dos Votos","main_text":"O casamento da Helen e do David foi simplesmente extraordin\u00e1rio! Com as suas agendas lotadas, eles confiaram-nos total liberdade criativa para dar vida \u00e0 sua vis\u00e3o. O briefing aberto e a confian\u00e7a inabal\u00e1vel deles inspiraram a nossa equipa a dar asas \u00e0 criatividade, resultando num design e numa organiza\u00e7\u00e3o que realmente superaram as expectativas deles. Testemunhar a felicidade deles no grande dia foi a nossa maior recompensa.   \n\nObrigado, Helen e David, por nos deixarem criar o dia de sonho que imaginaram!","has_testimonials_1":true,"testimonials":{"testimonial_pre_title":"Com Amor e Gratid\u00e3o","testimonial_title":"Testemunhos & Parceiros Criativos","testimonial_text":"\"Tem sido um dia perfeito. O tempo, todos a ajudar-nos, tem sido absolutamente tudo o que poder\u00edamos imaginar. H\u00e1 muito tempo que pens\u00e1vamos neste dia e tudo est\u00e1 a correr melhor do que poder\u00edamos imaginar. Estamos muito gratos \u00e0 equipa da Mary Me, aos colaboradores e \u00e0 nossa fam\u00edlia e amigos. Hoje \u00e9 um dia perfeito!\"","credits_title":"Os Nossos Parceiros de Cria\u00e7\u00e3o","credits":"<ul>\n<li><b>Wedding Planner:<\/b> <a href=\"https:\/\/maryme.pt\/\" target=\"_blank\">Mary Me Portugal Weddings<\/a><\/li>\n<li><b>Espa\u00e7o:<\/b> <a href=\"https:\/\/www.pestana.com\/pt\/hotel\/freixo-palace\" target=\"_blank\">Pestana Pal\u00e1cio do Freixo<\/a><\/li>\n<li><b>Decora\u00e7\u00e3o:<\/b> <a href=\"https:\/\/eventosprive.com\/\" target=\"_blank\">Eventos Priv\u00e9<\/a><\/li>\n<li><b>Design Floral:<\/b> <a href=\"https:\/\/www.instagram.com\/marta.ferreira.flores.eventos\/\" target=\"_blank\">Marta Ferreira<\/a><\/li>\n<li><b>Fotografia:<\/b> <a href=\"https:\/\/brunogarcez.com\/\" target=\"_blank\">Bruno Garcez<\/a><\/li>\n<li><b>Cabelo & Make Up:<\/b> <a href=\"https:\/\/www.elisaalmeida.com\/\" target=\"_blank\">Elisa Almeida<\/a><\/li>\n<li><b>Entretenimento:<\/b> <a href=\"https:\/\/www.umind.pt\/\" target=\"_blank\">Umind<\/a><\/li>\n<li><b>Bolo de Casamento:<\/b> <a href=\"https:\/\/pecadodosanjos.pt\/\" target=\"_blank\">Pecado dos Anjos<\/a><\/li>\n<li><b>Grafismo & Estacion\u00e1rio:<\/b> <a href=\"https:\/\/moranguinho.pt\/\" target=\"_blank\">Moranguinho<\/a><\/li>\n<\/ul>","testimonial_image":85625,"testimonial_secondary_image":"","testimonial_third_image":"","has_testimonial_video_1":true,"testimonial_video_orientation":"portrait","testimonial_video_poster":85626,"testimonial_yt_video_id":"be97I1qx7vY"},"gallery":[{"gallery_pre_title":"Galeria","gallery_title":"A Prepara\u00e7\u00e3o","gallery_description":"","gallery_images":[85493,85494,85495,85496,85497,85498,85499,85500,85501,85502,85503,85504,85505,85506,85507,85508,85509,85510,85511,85512,85513,85514,85515]},{"gallery_pre_title":"Galeria","gallery_title":"First Look","gallery_description":"","gallery_images":[85530,85531,85532,85534,85535,85536,85537,85538,85539,85540,85541,85542,85544,85491,85546]},{"gallery_pre_title":"Galeria","gallery_title":"Cerim\u00f3nia do Ch\u00e1","gallery_description":"","gallery_images":[85520,85518,85522,85516,85517,85525,85527,85521,85523,85519,85526,85524,85529]},{"gallery_pre_title":"Galeria","gallery_title":"Cerim\u00f3nia","gallery_description":"","gallery_images":[85547,85548,85549,85550,85551,85552,85553,85554,85555,85556,85557,85558,85559,85560]},{"gallery_pre_title":"Galeria","gallery_title":"Cocktail","gallery_description":"","gallery_images":[85569,85561,85568,85563,85564,85565,85566,85567]},{"gallery_pre_title":"Galeria","gallery_title":"Sess\u00e3o de Casal","gallery_description":"","gallery_images":[85593,85579,85586,85581,85587,85582,85585,85588,85589,85590,85591]},{"gallery_pre_title":"Galeria","gallery_title":"Decora\u00e7\u00e3o","gallery_description":"","gallery_images":[85570,85573,85576,85583,85584,85574,85571]},{"gallery_pre_title":"Galeria","gallery_title":"Jantar","gallery_description":"","gallery_images":[85595,85596,85600,85594,85597,85599,85598,85601,85602]},{"gallery_pre_title":"Galeria","gallery_title":"Corte do Bolo","gallery_description":"","gallery_images":[85604,85608,85606,85607,85610,85612]},{"gallery_pre_title":"Galeria","gallery_title":"Festa","gallery_description":"","gallery_images":[85619,85613,85621,85616,85614,85620,85615,85618]}]},"yoast_head":"<!-- This site is optimized with the Yoast SEO Premium plugin v25.1 (Yoast SEO v26.3) - https:\/\/yoast.com\/wordpress\/plugins\/seo\/ -->\n<title>Helen &amp; David Wedding at Pestana Pal\u00e1cio do Freixo (Porto) | Mary Me Portugal Weddings<\/title>\n<meta name=\"description\" content=\"Helen &amp; David real wedding in Portugal at Pestana Pal\u00e1cio do Freixo . See their beautiful gallery and story.\" \/>\n<meta name=\"robots\" content=\"index, follow, max-snippet:-1, max-image-preview:large, max-video-preview:-1\" \/>\n<link rel=\"canonical\" href=\"https:\/\/maryme.pt\/pt-pt\/real-weddings\/helen-david\/\" \/>\n<meta property=\"og:locale\" content=\"pt_PT\" \/>\n<meta property=\"og:type\" content=\"article\" \/>\n<meta property=\"og:title\" content=\"Helen &amp; David Wedding at Pestana Pal\u00e1cio do Freixo (Porto)\" \/>\n<meta property=\"og:description\" content=\"Helen &amp; David real wedding in Portugal at Pestana Pal\u00e1cio do Freixo . See their beautiful gallery and story.\" \/>\n<meta property=\"og:url\" content=\"https:\/\/maryme.pt\/pt-pt\/real-weddings\/helen-david\/\" \/>\n<meta property=\"og:site_name\" content=\"Mary Me Portugal Weddings\" \/>\n<meta property=\"article:publisher\" content=\"https:\/\/www.facebook.com\/maryme.portugalweddings\" \/>\n<meta property=\"article:modified_time\" content=\"2026-01-22T14:23:25+00:00\" \/>\n<meta property=\"og:image\" content=\"https:\/\/maryme.pt\/wp-content\/uploads\/2025\/11\/HD-329-scaled-e1763427809295.jpg\" \/>\n\t<meta property=\"og:image:width\" content=\"1532\" \/>\n\t<meta property=\"og:image:height\" content=\"2040\" \/>\n\t<meta property=\"og:image:type\" content=\"image\/jpeg\" \/>\n<meta name=\"twitter:card\" content=\"summary_large_image\" \/>\n<!-- \/ Yoast SEO Premium plugin. -->","yoast_head_json":{"title":"Helen &amp; David Wedding at Pestana Pal\u00e1cio do Freixo (Porto) | Mary Me Portugal Weddings","description":"Helen & David real wedding in Portugal at Pestana Pal\u00e1cio do Freixo . See their beautiful gallery and story.","robots":{"index":"index","follow":"follow","max-snippet":"max-snippet:-1","max-image-preview":"max-image-preview:large","max-video-preview":"max-video-preview:-1"},"canonical":"https:\/\/maryme.pt\/pt-pt\/real-weddings\/helen-david\/","og_locale":"pt_PT","og_type":"article","og_title":"Helen &amp; David Wedding at Pestana Pal\u00e1cio do Freixo (Porto)","og_description":"Helen & David real wedding in Portugal at Pestana Pal\u00e1cio do Freixo . See their beautiful gallery and story.","og_url":"https:\/\/maryme.pt\/pt-pt\/real-weddings\/helen-david\/","og_site_name":"Mary Me Portugal Weddings","article_publisher":"https:\/\/www.facebook.com\/maryme.portugalweddings","article_modified_time":"2026-01-22T14:23:25+00:00","og_image":[{"width":1532,"height":2040,"url":"https:\/\/maryme.pt\/wp-content\/uploads\/2025\/11\/HD-329-scaled-e1763427809295.jpg","type":"image\/jpeg"}],"twitter_card":"summary_large_image","schema":{"@context":"https:\/\/schema.org","@graph":[{"@type":"WebPage","@id":"https:\/\/maryme.pt\/pt-pt\/real-weddings\/helen-david\/","url":"https:\/\/maryme.pt\/pt-pt\/real-weddings\/helen-david\/","name":"Helen &amp; David Wedding at Pestana Pal\u00e1cio do Freixo (Porto) | Mary Me Portugal Weddings","isPartOf":{"@id":"https:\/\/maryme.pt\/pt-pt\/#website"},"primaryImageOfPage":{"@id":"https:\/\/maryme.pt\/pt-pt\/real-weddings\/helen-david\/#primaryimage"},"image":{"@id":"https:\/\/maryme.pt\/pt-pt\/real-weddings\/helen-david\/#primaryimage"},"thumbnailUrl":"https:\/\/maryme.pt\/wp-content\/uploads\/2025\/11\/HD-329-scaled-e1763427809295.jpg","datePublished":"2025-11-17T23:47:38+00:00","dateModified":"2026-01-22T14:23:25+00:00","description":"Helen & David real wedding in Portugal at Pestana Pal\u00e1cio do Freixo . See their beautiful gallery and story.","breadcrumb":{"@id":"https:\/\/maryme.pt\/pt-pt\/real-weddings\/helen-david\/#breadcrumb"},"inLanguage":"pt-PT","potentialAction":[{"@type":"ReadAction","target":["https:\/\/maryme.pt\/pt-pt\/real-weddings\/helen-david\/"]}]},{"@type":"ImageObject","inLanguage":"pt-PT","@id":"https:\/\/maryme.pt\/pt-pt\/real-weddings\/helen-david\/#primaryimage","url":"https:\/\/maryme.pt\/wp-content\/uploads\/2025\/11\/HD-329-scaled-e1763427809295.jpg","contentUrl":"https:\/\/maryme.pt\/wp-content\/uploads\/2025\/11\/HD-329-scaled-e1763427809295.jpg","width":1532,"height":2040},{"@type":"BreadcrumbList","@id":"https:\/\/maryme.pt\/pt-pt\/real-weddings\/helen-david\/#breadcrumb","itemListElement":[{"@type":"ListItem","position":1,"name":"Home","item":"https:\/\/maryme.pt\/pt-pt\/homepage\/"},{"@type":"ListItem","position":2,"name":"Helen &amp; David"}]},{"@type":"WebSite","@id":"https:\/\/maryme.pt\/pt-pt\/#website","url":"https:\/\/maryme.pt\/pt-pt\/","name":"Mary Me Portugal Weddings","description":"","publisher":{"@id":"https:\/\/maryme.pt\/pt-pt\/#organization"},"potentialAction":[{"@type":"SearchAction","target":{"@type":"EntryPoint","urlTemplate":"https:\/\/maryme.pt\/pt-pt\/?s={search_term_string}"},"query-input":{"@type":"PropertyValueSpecification","valueRequired":true,"valueName":"search_term_string"}}],"inLanguage":"pt-PT"},{"@type":"Organization","@id":"https:\/\/maryme.pt\/pt-pt\/#organization","name":"Mary Me","alternateName":"Mary Me Destination Weddings","url":"https:\/\/maryme.pt\/pt-pt\/","logo":{"@type":"ImageObject","inLanguage":"pt-PT","@id":"https:\/\/maryme.pt\/pt-pt\/#\/schema\/logo\/image\/","url":"https:\/\/maryme.pt\/wp-content\/uploads\/2023\/07\/mm-favicon.jpg","contentUrl":"https:\/\/maryme.pt\/wp-content\/uploads\/2023\/07\/mm-favicon.jpg","width":512,"height":512,"caption":"Mary Me"},"image":{"@id":"https:\/\/maryme.pt\/pt-pt\/#\/schema\/logo\/image\/"},"sameAs":["https:\/\/www.facebook.com\/maryme.portugalweddings","https:\/\/www.instagram.com\/maryme.portugalweddings","https:\/\/www.youtube.com\/@maryme.portugalweddings","https:\/\/www.pinterest.pt\/marymeportugalweddings\/"]}]}},"_links":{"self":[{"href":"https:\/\/maryme.pt\/pt-pt\/wp-json\/wp\/v2\/real-weddings\/85492","targetHints":{"allow":["GET"]}}],"collection":[{"href":"https:\/\/maryme.pt\/pt-pt\/wp-json\/wp\/v2\/real-weddings"}],"about":[{"href":"https:\/\/maryme.pt\/pt-pt\/wp-json\/wp\/v2\/types\/real-weddings"}],"wp:featuredmedia":[{"embeddable":true,"href":"https:\/\/maryme.pt\/pt-pt\/wp-json\/wp\/v2\/media\/85491"}],"wp:attachment":[{"href":"https:\/\/maryme.pt\/pt-pt\/wp-json\/wp\/v2\/media?parent=85492"}],"wp:term":[{"taxonomy":"category","embeddable":true,"href":"https:\/\/maryme.pt\/pt-pt\/wp-json\/wp\/v2\/categories?post=85492"},{"taxonomy":"post_tag","embeddable":true,"href":"https:\/\/maryme.pt\/pt-pt\/wp-json\/wp\/v2\/tags?post=85492"}],"curies":[{"name":"wp","href":"https:\/\/api.w.org\/{rel}","templated":true}]}}

Pestana Palácio do Freixo

Por Trás dos Votos

O casamento da Helen e do David foi simplesmente extraordinário! Com as suas agendas lotadas, eles confiaram-nos total liberdade criativa para dar vida à sua visão. O briefing aberto e a confiança inabalável deles inspiraram a nossa equipa a dar asas à criatividade, resultando num design e numa organização que realmente superaram as expectativas deles. Testemunhar a felicidade deles no grande dia foi a nossa maior recompensa.   

Obrigado, Helen e David, por nos deixarem criar o dia de sonho que imaginaram!

Com Amor e Gratidão

"Tem sido um dia perfeito. O tempo, todos a ajudar-nos, tem sido absolutamente tudo o que poderíamos imaginar. Há muito tempo que pensávamos neste dia e tudo está a correr melhor do que poderíamos imaginar. Estamos muito gratos à equipa da Mary Me, aos colaboradores e à nossa família e amigos. Hoje é um dia perfeito!"

Os Nossos Parceiros de Criação

<ul>
<li><b>Wedding Planner:</b> <a href="https://maryme.pt/" target="_blank">Mary Me Portugal Weddings</a></li>
<li><b>Espaço:</b> <a href="https://www.pestana.com/pt/hotel/freixo-palace" target="_blank">Pestana Palácio do Freixo</a></li>
<li><b>Decoração:</b> <a href="https://eventosprive.com/" target="_blank">Eventos Privé</a></li>
<li><b>Design Floral:</b> <a href="https://www.instagram.com/marta.ferreira.flores.eventos/" target="_blank">Marta Ferreira</a></li>
<li><b>Fotografia:</b> <a href="https://brunogarcez.com/" target="_blank">Bruno Garcez</a></li>
<li><b>Cabelo & Make Up:</b> <a href="https://www.elisaalmeida.com/" target="_blank">Elisa Almeida</a></li>
<li><b>Entretenimento:</b> <a href="https://www.umind.pt/" target="_blank">Umind</a></li>
<li><b>Bolo de Casamento:</b> <a href="https://pecadodosanjos.pt/" target="_blank">Pecado dos Anjos</a></li>
<li><b>Grafismo & Estacionário:</b> <a href="https://moranguinho.pt/" target="_blank">Moranguinho</a></li>
</ul>

A Preparação

Cerimónia do Chá

Cerimónia

Sessão de Casal

Decoração

<!-- This site is optimized with the Yoast SEO Premium plugin v25.1 (Yoast SEO v26.3) - https://yoast.com/wordpress/plugins/seo/ -->
<title>Helen &amp; David Wedding at Pestana Palácio do Freixo (Porto) | Mary Me Portugal Weddings</title>
<meta name="description" content="Helen &amp; David real wedding in Portugal at Pestana Palácio do Freixo . See their beautiful gallery and story." />
<meta name="robots" content="index, follow, max-snippet:-1, max-image-preview:large, max-video-preview:-1" />
<link rel="canonical" href="https://maryme.pt/pt-pt/real-weddings/helen-david/" />
<meta property="og:locale" content="pt_PT" />
<meta property="og:type" content="article" />
<meta property="og:title" content="Helen &amp; David Wedding at Pestana Palácio do Freixo (Porto)" />
<meta property="og:description" content="Helen &amp; David real wedding in Portugal at Pestana Palácio do Freixo . See their beautiful gallery and story." />
<meta property="og:url" content="https://maryme.pt/pt-pt/real-weddings/helen-david/" />
<meta property="og:site_name" content="Mary Me Portugal Weddings" />
<meta property="article:publisher" content="https://www.facebook.com/maryme.portugalweddings" />
<meta property="article:modified_time" content="2026-01-22T14:23:25+00:00" />
<meta property="og:image" content="https://maryme.pt/wp-content/uploads/2025/11/HD-329-scaled-e1763427809295.jpg" />
	<meta property="og:image:width" content="1532" />
	<meta property="og:image:height" content="2040" />
	<meta property="og:image:type" content="image/jpeg" />
<meta name="twitter:card" content="summary_large_image" />
<!-- / Yoast SEO Premium plugin. -->

Helen &amp; David Wedding at Pestana Palácio do Freixo (Porto) | Mary Me Portugal Weddings

Helen & David real wedding in Portugal at Pestana Palácio do Freixo . See their beautiful gallery and story.

Helen &amp; David Wedding at Pestana Palácio do Freixo (Porto)
