{"id":85836,"date":"2025-11-06T14:13:15","date_gmt":"2025-11-06T14:13:15","guid":{"rendered":"https:\/\/maryme.pt\/real-weddings\/tori-charles\/"},"modified":"2026-01-22T11:29:40","modified_gmt":"2026-01-22T11:29:40","slug":"tori-charles","status":"publish","type":"real-weddings","link":"https:\/\/maryme.pt\/pt-pt\/real-weddings\/tori-charles\/","title":{"rendered":"Tori  Charles"},"content":{"rendered":"","protected":false},"featured_media":0,"template":"","meta":{"_acf_changed":false},"categories":[255,304,297,309,313,380,376,283,29],"tags":[],"class_list":["post-85836","real-weddings","type-real-weddings","status-publish","hentry","category-castelo-de-palmela-casamentos","category-casamentos-medios","category-casamentos-na-primavera","category-casamentos-no-castelo","category-casamentos-rurais","category-casamentos-rusticos","category-casamentos-setubal","category-casamentos-cerimonia-simbolica","category-planeamento-completo-de-casamento"],"acf":{"couples_names":"Tori  Charles","wedding_type":false,"wedding_type_url":"","wedding_region":false,"wedding_region_url":"","wedding_venue":"Castelo de Palmela","wedding_venue_url":"","wedding_date":"20240531","wedding_guests":"","wedding_guests_text":"Guests","wedding_size":false,"wedding_size_url":"","main_image_set":{"main_image_set_left_image":82246,"main_image_set_center_image":82256,"main_image_set_right_image":82248},"main_title":"Por Tr\u00e1s dos Votos","main_text":"O casamento de Tori e Charles no Castelo de Palmela foi uma celebra\u00e7\u00e3o inesquec\u00edvel, tendo como pano de fundo a beleza hist\u00f3rica do local e repleta de um forte sentimento de uni\u00e3o familiar que se fez sentir em cada momento. A atmosfera de carinho era palp\u00e1vel, unindo n\u00e3o s\u00f3 o casal, mas tamb\u00e9m as suas fam\u00edlias e amigos, criando um profundo sentimento de conex\u00e3o. Mas, \u00e0 medida que a noite ca\u00eda, as emo\u00e7\u00f5es deram lugar \u00e0 alegria e \u00e0 divers\u00e3o: uma festa vibrante onde todos, sem exce\u00e7\u00e3o, dan\u00e7aram e celebraram at\u00e9 ao \u00faltimo segundo. A pista de dan\u00e7a tornou-se o cora\u00e7\u00e3o pulsante da celebra\u00e7\u00e3o, refletindo o amor e a felicidade contagiante que enchiam o ar. Um dia para ser lembrado por todos, cheio de emo\u00e7\u00e3o e pura alegria.    ","has_testimonials_1":true,"testimonials":{"testimonial_pre_title":"Com Amor e Gratid\u00e3o","testimonial_title":"Parceiros Criativos","testimonial_text":"","credits_title":"Os Nossos Parceiros de Cria\u00e7\u00e3o","credits":"<ul>\n<li><b>Wedding Planner:<\/b> <a href=\"https:\/\/maryme.pt\/\" target=\"_blank\">Mary Me Portugal Weddings<\/a><\/li>\n<li><b>Espa\u00e7o:<\/b> <a href=\"https:\/\/www.pousadas.pt\/br\/hotel\/pousada-palmela\" target=\"_blank\">Castelo de Palmela<\/a><\/li>\n<li>Decora\u00e7\u00e3o: <a href=\"https:\/\/www.mesaposta.com\/\" target=\"_blank\">Mesa Posta<\/a><\/li>\n<li>Decora\u00e7\u00e3o: <a href=\"https:\/\/www.instagram.com\/loveislovept\/\" target=\"_blank\">Love is Love<\/a><\/li>\n<li><b>Fotografia:<\/b> <a href=\"https:\/\/itsallabout.pt\/\" target=\"_blank\">It's All About<\/a><\/li>\n<li><b>Cabelo & Make Up:<\/b> <a href=\"https:\/\/www.blusthairmakeup.com\/\" target=\"_blank\">B-Lust<\/a><\/li>\n<li><b>Entretenimento:<\/b> <a href=\"https:\/\/www.mckeventos.com\/\" target=\"_blank\">MCK<\/a><\/li>\n<li><b>Catering:<\/b> <a href=\"https:\/\/food-story.pt\/en\/\" target=\"_blank\">Food-Story<\/a><\/li>\n<\/ul>","testimonial_image":82250,"testimonial_secondary_image":82254,"testimonial_third_image":null,"has_testimonial_video_1":false,"testimonial_video_orientation":"portrait","testimonial_video_poster":null,"testimonial_yt_video_id":""},"gallery":[{"gallery_pre_title":"Galeria","gallery_title":"Destaques do Casamento","gallery_description":"","gallery_images":[82347,82349,82351,82353,82355,82357,82359,82361,82363,82365,82367,82369,82371,82373,82375,82377,82379,82381,82383,82385,82387,82389,82391,82393,82395,82397,85660,82401,82403,82405,82407,82409,82411,82413,82415,82417,82419,82421,82423]}]},"yoast_head":"<!-- This site is optimized with the Yoast SEO Premium plugin v25.1 (Yoast SEO v26.3) - https:\/\/yoast.com\/wordpress\/plugins\/seo\/ -->\n<title>Tori Charles Wedding at Castelo de Palmela () | Mary Me Portugal Weddings<\/title>\n<meta name=\"description\" content=\"Tori Charles real wedding in Portugal at Castelo de Palmela . See their beautiful gallery and story.\" \/>\n<meta name=\"robots\" content=\"index, follow, max-snippet:-1, max-image-preview:large, max-video-preview:-1\" \/>\n<link rel=\"canonical\" href=\"https:\/\/maryme.pt\/pt-pt\/real-weddings\/tori-charles\/\" \/>\n<meta property=\"og:locale\" content=\"pt_PT\" \/>\n<meta property=\"og:type\" content=\"article\" \/>\n<meta property=\"og:title\" content=\"Tori Charles Wedding at Castelo de Palmela ()\" \/>\n<meta property=\"og:description\" content=\"Tori Charles real wedding in Portugal at Castelo de Palmela . See their beautiful gallery and story.\" \/>\n<meta property=\"og:url\" content=\"https:\/\/maryme.pt\/pt-pt\/real-weddings\/tori-charles\/\" \/>\n<meta property=\"og:site_name\" content=\"Mary Me Portugal Weddings\" \/>\n<meta property=\"article:publisher\" content=\"https:\/\/www.facebook.com\/maryme.portugalweddings\" \/>\n<meta property=\"article:modified_time\" content=\"2026-01-22T11:29:40+00:00\" \/>\n<meta property=\"og:image\" content=\"https:\/\/maryme.pt\/wp-content\/uploads\/2025\/11\/Tori-Charles-Featured-Image-e1768925571604.jpg\" \/>\n\t<meta property=\"og:image:width\" content=\"1080\" \/>\n\t<meta property=\"og:image:height\" content=\"1920\" \/>\n\t<meta property=\"og:image:type\" content=\"image\/jpeg\" \/>\n<meta name=\"twitter:card\" content=\"summary_large_image\" \/>\n<!-- \/ Yoast SEO Premium plugin. -->","yoast_head_json":{"title":"Tori Charles Wedding at Castelo de Palmela () | Mary Me Portugal Weddings","description":"Tori Charles real wedding in Portugal at Castelo de Palmela . See their beautiful gallery and story.","robots":{"index":"index","follow":"follow","max-snippet":"max-snippet:-1","max-image-preview":"max-image-preview:large","max-video-preview":"max-video-preview:-1"},"canonical":"https:\/\/maryme.pt\/pt-pt\/real-weddings\/tori-charles\/","og_locale":"pt_PT","og_type":"article","og_title":"Tori Charles Wedding at Castelo de Palmela ()","og_description":"Tori Charles real wedding in Portugal at Castelo de Palmela . See their beautiful gallery and story.","og_url":"https:\/\/maryme.pt\/pt-pt\/real-weddings\/tori-charles\/","og_site_name":"Mary Me Portugal Weddings","article_publisher":"https:\/\/www.facebook.com\/maryme.portugalweddings","article_modified_time":"2026-01-22T11:29:40+00:00","og_image":[{"width":1080,"height":1920,"url":"https:\/\/maryme.pt\/wp-content\/uploads\/2025\/11\/Tori-Charles-Featured-Image-e1768925571604.jpg","type":"image\/jpeg"}],"twitter_card":"summary_large_image","schema":{"@context":"https:\/\/schema.org","@graph":[{"@type":"WebPage","@id":"https:\/\/maryme.pt\/pt-pt\/real-weddings\/tori-charles\/","url":"https:\/\/maryme.pt\/pt-pt\/real-weddings\/tori-charles\/","name":"Tori Charles Wedding at Castelo de Palmela () | Mary Me Portugal Weddings","isPartOf":{"@id":"https:\/\/maryme.pt\/pt-pt\/#website"},"datePublished":"2025-11-06T14:13:15+00:00","dateModified":"2026-01-22T11:29:40+00:00","description":"Tori Charles real wedding in Portugal at Castelo de Palmela . See their beautiful gallery and story.","breadcrumb":{"@id":"https:\/\/maryme.pt\/pt-pt\/real-weddings\/tori-charles\/#breadcrumb"},"inLanguage":"pt-PT","potentialAction":[{"@type":"ReadAction","target":["https:\/\/maryme.pt\/pt-pt\/real-weddings\/tori-charles\/"]}]},{"@type":"BreadcrumbList","@id":"https:\/\/maryme.pt\/pt-pt\/real-weddings\/tori-charles\/#breadcrumb","itemListElement":[{"@type":"ListItem","position":1,"name":"Home","item":"https:\/\/maryme.pt\/pt-pt\/homepage\/"},{"@type":"ListItem","position":2,"name":"Tori Charles"}]},{"@type":"WebSite","@id":"https:\/\/maryme.pt\/pt-pt\/#website","url":"https:\/\/maryme.pt\/pt-pt\/","name":"Mary Me Portugal Weddings","description":"","publisher":{"@id":"https:\/\/maryme.pt\/pt-pt\/#organization"},"potentialAction":[{"@type":"SearchAction","target":{"@type":"EntryPoint","urlTemplate":"https:\/\/maryme.pt\/pt-pt\/?s={search_term_string}"},"query-input":{"@type":"PropertyValueSpecification","valueRequired":true,"valueName":"search_term_string"}}],"inLanguage":"pt-PT"},{"@type":"Organization","@id":"https:\/\/maryme.pt\/pt-pt\/#organization","name":"Mary Me","alternateName":"Mary Me Destination Weddings","url":"https:\/\/maryme.pt\/pt-pt\/","logo":{"@type":"ImageObject","inLanguage":"pt-PT","@id":"https:\/\/maryme.pt\/pt-pt\/#\/schema\/logo\/image\/","url":"https:\/\/maryme.pt\/wp-content\/uploads\/2023\/07\/mm-favicon.jpg","contentUrl":"https:\/\/maryme.pt\/wp-content\/uploads\/2023\/07\/mm-favicon.jpg","width":512,"height":512,"caption":"Mary Me"},"image":{"@id":"https:\/\/maryme.pt\/pt-pt\/#\/schema\/logo\/image\/"},"sameAs":["https:\/\/www.facebook.com\/maryme.portugalweddings","https:\/\/www.instagram.com\/maryme.portugalweddings","https:\/\/www.youtube.com\/@maryme.portugalweddings","https:\/\/www.pinterest.pt\/marymeportugalweddings\/"]}]}},"_links":{"self":[{"href":"https:\/\/maryme.pt\/pt-pt\/wp-json\/wp\/v2\/real-weddings\/85836","targetHints":{"allow":["GET"]}}],"collection":[{"href":"https:\/\/maryme.pt\/pt-pt\/wp-json\/wp\/v2\/real-weddings"}],"about":[{"href":"https:\/\/maryme.pt\/pt-pt\/wp-json\/wp\/v2\/types\/real-weddings"}],"wp:attachment":[{"href":"https:\/\/maryme.pt\/pt-pt\/wp-json\/wp\/v2\/media?parent=85836"}],"wp:term":[{"taxonomy":"category","embeddable":true,"href":"https:\/\/maryme.pt\/pt-pt\/wp-json\/wp\/v2\/categories?post=85836"},{"taxonomy":"post_tag","embeddable":true,"href":"https:\/\/maryme.pt\/pt-pt\/wp-json\/wp\/v2\/tags?post=85836"}],"curies":[{"name":"wp","href":"https:\/\/api.w.org\/{rel}","templated":true}]}}

Por Trás dos Votos

O casamento de Tori e Charles no Castelo de Palmela foi uma celebração inesquecível, tendo como pano de fundo a beleza histórica do local e repleta de um forte sentimento de união familiar que se fez sentir em cada momento. A atmosfera de carinho era palpável, unindo não só o casal, mas também as suas famílias e amigos, criando um profundo sentimento de conexão. Mas, à medida que a noite caía, as emoções deram lugar à alegria e à diversão: uma festa vibrante onde todos, sem exceção, dançaram e celebraram até ao último segundo. A pista de dança tornou-se o coração pulsante da celebração, refletindo o amor e a felicidade contagiante que enchiam o ar. Um dia para ser lembrado por todos, cheio de emoção e pura alegria.

Com Amor e Gratidão

Os Nossos Parceiros de Criação

<ul>
<li><b>Wedding Planner:</b> <a href="https://maryme.pt/" target="_blank">Mary Me Portugal Weddings</a></li>
<li><b>Espaço:</b> <a href="https://www.pousadas.pt/br/hotel/pousada-palmela" target="_blank">Castelo de Palmela</a></li>
<li>Decoração: <a href="https://www.mesaposta.com/" target="_blank">Mesa Posta</a></li>
<li>Decoração: <a href="https://www.instagram.com/loveislovept/" target="_blank">Love is Love</a></li>
<li><b>Fotografia:</b> <a href="https://itsallabout.pt/" target="_blank">It's All About</a></li>
<li><b>Cabelo & Make Up:</b> <a href="https://www.blusthairmakeup.com/" target="_blank">B-Lust</a></li>
<li><b>Entretenimento:</b> <a href="https://www.mckeventos.com/" target="_blank">MCK</a></li>
<li><b>Catering:</b> <a href="https://food-story.pt/en/" target="_blank">Food-Story</a></li>
</ul>
