{"id":86165,"date":"2025-10-14T17:34:52","date_gmt":"2025-10-14T16:34:52","guid":{"rendered":"https:\/\/maryme.pt\/real-weddings\/amandine-and-andre\/"},"modified":"2025-10-14T17:34:52","modified_gmt":"2025-10-14T16:34:52","slug":"amandine-and-andre","status":"publish","type":"real-weddings","link":"https:\/\/maryme.pt\/pt-pt\/real-weddings\/amandine-and-andre\/","title":{"rendered":"Amandine and Andr\u00e9"},"content":{"rendered":"","protected":false},"featured_media":86164,"template":"","meta":{"_acf_changed":false},"categories":[375,257,359,304,309,298,283,29],"tags":[],"class_list":["post-86165","real-weddings","type-real-weddings","status-publish","has-post-thumbnail","hentry","category-casamentos-estoril","category-forte-da-cruz-casamentos","category-casamentos-junto-a-agua","category-casamentos-medios","category-casamentos-no-castelo","category-casamentos-no-verao","category-casamentos-cerimonia-simbolica","category-planeamento-completo-de-casamento"],"acf":{"couples_names":"Amandine & Andr\u00e9","wedding_type":"0","wedding_type_url":"","wedding_region":"0","wedding_region_url":"","wedding_venue":"Forte da Cruz","wedding_venue_url":"","wedding_date":"20230716","wedding_guests":"","wedding_guests_text":"Guests","wedding_size":"0","wedding_size_url":"","main_image_set":{"main_image_set_left_image":86168,"main_image_set_center_image":86170,"main_image_set_right_image":86169},"main_title":"Por Tr\u00e1s dos Votos","main_text":"A Amandine e o Andr\u00e9 conheceram-se na Sui\u00e7a e escolheram Lisboa para o seu casamento, a cidade onde atualmente residem.\n\nO Forte da Cruz, no Estoril, foi o cen\u00e1rio para este dia magn\u00edfico! A divers\u00e3o foi muita, e ver os nossos clientes e os seus convidados a desfrutar plenamente deste dia diz-nos que a nossa miss\u00e3o foi cumprida!\n\nObrigado por confiarem confiarem na nossa equipa para fazer parte deste dia incr\u00edvel.","has_testimonials_1":true,"testimonials":{"testimonial_pre_title":"Com Amor e Gratid\u00e3o","testimonial_title":"Testemunhos & Parceiros Criativos","testimonial_text":"\u201cAcho que trabalhar com a Mary Me durante um ano foi incr\u00edvel. \n\nHoje estamos aqui, todos est\u00e3o felizes, tudo est\u00e1 bem organizado e bem feito. Sentimo-nos muito bem e n\u00e3o temos palavras!\n\nToda a equipa da Mary Me merece os nossos parab\u00e9ns, estamos muito felizes por estar aqui convosco!\u201d","credits_title":"Os Nossos Parceiros de Cria\u00e7\u00e3o","credits":"<ul>\n<li><b>Wedding Planner:<\/b> <a href=\"https:\/\/maryme.pt\/\" target=\"_blank\">Mary Me Portugal Weddings<\/a><\/li>\n<li><b>Espa\u00e7o:<\/b> <a href=\"https:\/\/www.penhalongacatering.com\/portfolio\/forte-da-cruz\/\" target=\"_blank\">Forte da Cruz<\/a><\/li>\n<li><b>Decora\u00e7\u00e3o:<\/b> <a href=\"https:\/\/decorelle.eu\/\" target=\"_blank\">Decorelle<\/a><\/li>\n<li><b>Fotografia:<\/b> <a href=\"https:\/\/itsallabout.pt\/\" target=\"_blank\">It's All About<\/a><\/li>\n<li><b>Cabelo & Make Up:<\/b> <a href=\"https:\/\/www.blusthairmakeup.com\/\" target=\"_blank\">B-Lust<\/a><\/li>\n<li><b>Bolo de Casamento:<\/b> <a href=\"https:\/\/www.bakeitcakedesign.com\/\" target=\"_blank\">Bake it<\/a><\/li>\n<li><b>Grafismo & Estacion\u00e1rio:<\/b> <a href=\"https:\/\/www.apajarita.com\/\" target=\"_blank\">A Pajarita<\/a><\/li>\n<\/ul>","testimonial_image":86167,"testimonial_secondary_image":"","testimonial_third_image":"","has_testimonial_video_1":true,"testimonial_video_orientation":"portrait","testimonial_video_poster":86166,"testimonial_yt_video_id":""},"gallery":[{"gallery_pre_title":"Galeria","gallery_title":"Destaques do Casamento","gallery_description":"","gallery_images":[97058,97060,97063,97064,97049,97052,97061,97062,97066,97067]},{"gallery_pre_title":"Gallery","gallery_title":"Event Name","gallery_description":"","gallery_images":[97080,97072,97106,97071,97099,97101,97078,97082,97092,97083,97095,97096,97098,97102,97103]},{"gallery_pre_title":"Gallery","gallery_title":"Event Name","gallery_description":"","gallery_images":[97122,97124,97120,97127,97115,97121,97119,97123,97125,97126]},{"gallery_pre_title":"Gallery","gallery_title":"Event Name","gallery_description":"","gallery_images":[97154,97148,97147,97159,97163,97136,97162,97139,97167,97143]},{"gallery_pre_title":"Gallery","gallery_title":"Event Name","gallery_description":"","gallery_images":[97171,97177,97183,97174,97184,97185]},{"gallery_pre_title":"Gallery","gallery_title":"Event Name","gallery_description":"","gallery_images":[97203,97204,97193,97201,97194,97200,97186,97198,97199,97205,97209]},{"gallery_pre_title":"Gallery","gallery_title":"Event Name","gallery_description":"","gallery_images":[97213,97215,97216,97218,97217,97221,97222,97223,97219]},{"gallery_pre_title":"Gallery","gallery_title":"Event Name","gallery_description":"","gallery_images":[97228,97231,97232,97233,97234,97235,97237,97238,97239,97240,97241]}]},"yoast_head":"<!-- This site is optimized with the Yoast SEO Premium plugin v25.1 (Yoast SEO v26.3) - https:\/\/yoast.com\/wordpress\/plugins\/seo\/ -->\n<title>Amandine and Andr\u00e9 Wedding at Forte da Cruz (0) | Mary Me Portugal Weddings<\/title>\n<meta name=\"description\" content=\"Amandine &amp; Andr\u00e9 real wedding in Portugal at Forte da Cruz . See their beautiful gallery and story.\" \/>\n<meta name=\"robots\" content=\"index, follow, max-snippet:-1, max-image-preview:large, max-video-preview:-1\" \/>\n<link rel=\"canonical\" href=\"https:\/\/maryme.pt\/pt-pt\/real-weddings\/amandine-and-andre\/\" \/>\n<meta property=\"og:locale\" content=\"pt_PT\" \/>\n<meta property=\"og:type\" content=\"article\" \/>\n<meta property=\"og:title\" content=\"Amandine and Andr\u00e9 Wedding at Forte da Cruz (0)\" \/>\n<meta property=\"og:description\" content=\"Amandine &amp; Andr\u00e9 real wedding in Portugal at Forte da Cruz . See their beautiful gallery and story.\" \/>\n<meta property=\"og:url\" content=\"https:\/\/maryme.pt\/pt-pt\/real-weddings\/amandine-and-andre\/\" \/>\n<meta property=\"og:site_name\" content=\"Mary Me Portugal Weddings\" \/>\n<meta property=\"article:publisher\" content=\"https:\/\/www.facebook.com\/maryme.portugalweddings\" \/>\n<meta property=\"og:image\" content=\"https:\/\/maryme.pt\/wp-content\/uploads\/2025\/11\/Amandine-Andre-Feature-Image.jpg\" \/>\n\t<meta property=\"og:image:width\" content=\"1080\" \/>\n\t<meta property=\"og:image:height\" content=\"1920\" \/>\n\t<meta property=\"og:image:type\" content=\"image\/jpeg\" \/>\n<meta name=\"twitter:card\" content=\"summary_large_image\" \/>\n<!-- \/ Yoast SEO Premium plugin. -->","yoast_head_json":{"title":"Amandine and Andr\u00e9 Wedding at Forte da Cruz (0) | Mary Me Portugal Weddings","description":"Amandine & Andr\u00e9 real wedding in Portugal at Forte da Cruz . See their beautiful gallery and story.","robots":{"index":"index","follow":"follow","max-snippet":"max-snippet:-1","max-image-preview":"max-image-preview:large","max-video-preview":"max-video-preview:-1"},"canonical":"https:\/\/maryme.pt\/pt-pt\/real-weddings\/amandine-and-andre\/","og_locale":"pt_PT","og_type":"article","og_title":"Amandine and Andr\u00e9 Wedding at Forte da Cruz (0)","og_description":"Amandine & Andr\u00e9 real wedding in Portugal at Forte da Cruz . See their beautiful gallery and story.","og_url":"https:\/\/maryme.pt\/pt-pt\/real-weddings\/amandine-and-andre\/","og_site_name":"Mary Me Portugal Weddings","article_publisher":"https:\/\/www.facebook.com\/maryme.portugalweddings","og_image":[{"width":1080,"height":1920,"url":"https:\/\/maryme.pt\/wp-content\/uploads\/2025\/11\/Amandine-Andre-Feature-Image.jpg","type":"image\/jpeg"}],"twitter_card":"summary_large_image","schema":{"@context":"https:\/\/schema.org","@graph":[{"@type":"WebPage","@id":"https:\/\/maryme.pt\/pt-pt\/real-weddings\/amandine-and-andre\/","url":"https:\/\/maryme.pt\/pt-pt\/real-weddings\/amandine-and-andre\/","name":"Amandine and Andr\u00e9 Wedding at Forte da Cruz (0) | Mary Me Portugal Weddings","isPartOf":{"@id":"https:\/\/maryme.pt\/pt-pt\/#website"},"primaryImageOfPage":{"@id":"https:\/\/maryme.pt\/pt-pt\/real-weddings\/amandine-and-andre\/#primaryimage"},"image":{"@id":"https:\/\/maryme.pt\/pt-pt\/real-weddings\/amandine-and-andre\/#primaryimage"},"thumbnailUrl":"https:\/\/maryme.pt\/wp-content\/uploads\/2025\/11\/Amandine-Andre-Feature-Image.jpg","datePublished":"2025-10-14T16:34:52+00:00","description":"Amandine & Andr\u00e9 real wedding in Portugal at Forte da Cruz . See their beautiful gallery and story.","breadcrumb":{"@id":"https:\/\/maryme.pt\/pt-pt\/real-weddings\/amandine-and-andre\/#breadcrumb"},"inLanguage":"pt-PT","potentialAction":[{"@type":"ReadAction","target":["https:\/\/maryme.pt\/pt-pt\/real-weddings\/amandine-and-andre\/"]}]},{"@type":"ImageObject","inLanguage":"pt-PT","@id":"https:\/\/maryme.pt\/pt-pt\/real-weddings\/amandine-and-andre\/#primaryimage","url":"https:\/\/maryme.pt\/wp-content\/uploads\/2025\/11\/Amandine-Andre-Feature-Image.jpg","contentUrl":"https:\/\/maryme.pt\/wp-content\/uploads\/2025\/11\/Amandine-Andre-Feature-Image.jpg","width":1080,"height":1920,"caption":"Amandine &amp; Andre Feature Image"},{"@type":"BreadcrumbList","@id":"https:\/\/maryme.pt\/pt-pt\/real-weddings\/amandine-and-andre\/#breadcrumb","itemListElement":[{"@type":"ListItem","position":1,"name":"Home","item":"https:\/\/maryme.pt\/pt-pt\/homepage\/"},{"@type":"ListItem","position":2,"name":"Amandine and Andr\u00e9"}]},{"@type":"WebSite","@id":"https:\/\/maryme.pt\/pt-pt\/#website","url":"https:\/\/maryme.pt\/pt-pt\/","name":"Mary Me Portugal Weddings","description":"","publisher":{"@id":"https:\/\/maryme.pt\/pt-pt\/#organization"},"potentialAction":[{"@type":"SearchAction","target":{"@type":"EntryPoint","urlTemplate":"https:\/\/maryme.pt\/pt-pt\/?s={search_term_string}"},"query-input":{"@type":"PropertyValueSpecification","valueRequired":true,"valueName":"search_term_string"}}],"inLanguage":"pt-PT"},{"@type":"Organization","@id":"https:\/\/maryme.pt\/pt-pt\/#organization","name":"Mary Me","alternateName":"Mary Me Destination Weddings","url":"https:\/\/maryme.pt\/pt-pt\/","logo":{"@type":"ImageObject","inLanguage":"pt-PT","@id":"https:\/\/maryme.pt\/pt-pt\/#\/schema\/logo\/image\/","url":"https:\/\/maryme.pt\/wp-content\/uploads\/2023\/07\/mm-favicon.jpg","contentUrl":"https:\/\/maryme.pt\/wp-content\/uploads\/2023\/07\/mm-favicon.jpg","width":512,"height":512,"caption":"Mary Me"},"image":{"@id":"https:\/\/maryme.pt\/pt-pt\/#\/schema\/logo\/image\/"},"sameAs":["https:\/\/www.facebook.com\/maryme.portugalweddings","https:\/\/www.instagram.com\/maryme.portugalweddings","https:\/\/www.youtube.com\/@maryme.portugalweddings","https:\/\/www.pinterest.pt\/marymeportugalweddings\/"]}]}},"_links":{"self":[{"href":"https:\/\/maryme.pt\/pt-pt\/wp-json\/wp\/v2\/real-weddings\/86165","targetHints":{"allow":["GET"]}}],"collection":[{"href":"https:\/\/maryme.pt\/pt-pt\/wp-json\/wp\/v2\/real-weddings"}],"about":[{"href":"https:\/\/maryme.pt\/pt-pt\/wp-json\/wp\/v2\/types\/real-weddings"}],"wp:featuredmedia":[{"embeddable":true,"href":"https:\/\/maryme.pt\/pt-pt\/wp-json\/wp\/v2\/media\/86164"}],"wp:attachment":[{"href":"https:\/\/maryme.pt\/pt-pt\/wp-json\/wp\/v2\/media?parent=86165"}],"wp:term":[{"taxonomy":"category","embeddable":true,"href":"https:\/\/maryme.pt\/pt-pt\/wp-json\/wp\/v2\/categories?post=86165"},{"taxonomy":"post_tag","embeddable":true,"href":"https:\/\/maryme.pt\/pt-pt\/wp-json\/wp\/v2\/tags?post=86165"}],"curies":[{"name":"wp","href":"https:\/\/api.w.org\/{rel}","templated":true}]}}

Amandine and André

Amandine & André

Por Trás dos Votos

A Amandine e o André conheceram-se na Suiça e escolheram Lisboa para o seu casamento, a cidade onde atualmente residem.

O Forte da Cruz, no Estoril, foi o cenário para este dia magnífico! A diversão foi muita, e ver os nossos clientes e os seus convidados a desfrutar plenamente deste dia diz-nos que a nossa missão foi cumprida!

Obrigado por confiarem confiarem na nossa equipa para fazer parte deste dia incrível.

Com Amor e Gratidão

“Acho que trabalhar com a Mary Me durante um ano foi incrível. 

Hoje estamos aqui, todos estão felizes, tudo está bem organizado e bem feito. Sentimo-nos muito bem e não temos palavras!

Toda a equipa da Mary Me merece os nossos parabéns, estamos muito felizes por estar aqui convosco!”

Os Nossos Parceiros de Criação

<ul>
<li><b>Wedding Planner:</b> <a href="https://maryme.pt/" target="_blank">Mary Me Portugal Weddings</a></li>
<li><b>Espaço:</b> <a href="https://www.penhalongacatering.com/portfolio/forte-da-cruz/" target="_blank">Forte da Cruz</a></li>
<li><b>Decoração:</b> <a href="https://decorelle.eu/" target="_blank">Decorelle</a></li>
<li><b>Fotografia:</b> <a href="https://itsallabout.pt/" target="_blank">It's All About</a></li>
<li><b>Cabelo & Make Up:</b> <a href="https://www.blusthairmakeup.com/" target="_blank">B-Lust</a></li>
<li><b>Bolo de Casamento:</b> <a href="https://www.bakeitcakedesign.com/" target="_blank">Bake it</a></li>
<li><b>Grafismo & Estacionário:</b> <a href="https://www.apajarita.com/" target="_blank">A Pajarita</a></li>
</ul>

<!-- This site is optimized with the Yoast SEO Premium plugin v25.1 (Yoast SEO v26.3) - https://yoast.com/wordpress/plugins/seo/ -->
<title>Amandine and André Wedding at Forte da Cruz (0) | Mary Me Portugal Weddings</title>
<meta name="description" content="Amandine &amp; André real wedding in Portugal at Forte da Cruz . See their beautiful gallery and story." />
<meta name="robots" content="index, follow, max-snippet:-1, max-image-preview:large, max-video-preview:-1" />
<link rel="canonical" href="https://maryme.pt/pt-pt/real-weddings/amandine-and-andre/" />
<meta property="og:locale" content="pt_PT" />
<meta property="og:type" content="article" />
<meta property="og:title" content="Amandine and André Wedding at Forte da Cruz (0)" />
<meta property="og:description" content="Amandine &amp; André real wedding in Portugal at Forte da Cruz . See their beautiful gallery and story." />
<meta property="og:url" content="https://maryme.pt/pt-pt/real-weddings/amandine-and-andre/" />
<meta property="og:site_name" content="Mary Me Portugal Weddings" />
<meta property="article:publisher" content="https://www.facebook.com/maryme.portugalweddings" />
<meta property="og:image" content="https://maryme.pt/wp-content/uploads/2025/11/Amandine-Andre-Feature-Image.jpg" />
	<meta property="og:image:width" content="1080" />
	<meta property="og:image:height" content="1920" />
	<meta property="og:image:type" content="image/jpeg" />
<meta name="twitter:card" content="summary_large_image" />
<!-- / Yoast SEO Premium plugin. -->

Amandine and André Wedding at Forte da Cruz (0) | Mary Me Portugal Weddings

Amandine & André real wedding in Portugal at Forte da Cruz . See their beautiful gallery and story.

Amandine and André Wedding at Forte da Cruz (0)
