{"id":86188,"date":"2025-10-14T12:58:47","date_gmt":"2025-10-14T11:58:47","guid":{"rendered":"https:\/\/maryme.pt\/real-weddings\/fabienne-filipe\/"},"modified":"2025-10-14T12:58:47","modified_gmt":"2025-10-14T11:58:47","slug":"fabienne-filipe","status":"publish","type":"real-weddings","link":"https:\/\/maryme.pt\/pt-pt\/real-weddings\/fabienne-filipe\/","title":{"rendered":"Fabienne &amp; Filipe"},"content":{"rendered":"","protected":false},"featured_media":80529,"template":"","meta":{"_acf_changed":false},"categories":[291,315,298,306,266,360,313,283,29],"tags":[],"class_list":["post-86188","real-weddings","type-real-weddings","status-publish","has-post-thumbnail","hentry","category-casamentos-douro","category-casamentos-em-vinha","category-casamentos-no-verao","category-casamentos-pequenos","category-quinta-da-pacheca-casamentos","category-casamentos-romanticos","category-casamentos-rurais","category-casamentos-cerimonia-simbolica","category-planeamento-completo-de-casamento"],"acf":{"couples_names":"Fabienne & Filipe","wedding_type":false,"wedding_type_url":"","wedding_region":false,"wedding_region_url":"","wedding_venue":"Quinta da Pacheca","wedding_venue_url":"","wedding_date":"20230723","wedding_guests":"","wedding_guests_text":"Guests","wedding_size":false,"wedding_size_url":"","main_image_set":{"main_image_set_left_image":80533,"main_image_set_center_image":80531,"main_image_set_right_image":80535},"main_title":"Por Tr\u00e1s dos Votos","main_text":"O inesquec\u00edvel destination wedding de Fabienne e Filipe deixou uma marca indel\u00e9vel em todos os presentes! Atualmente a residir na Su\u00ed\u00e7a, o casal viveu uma coordena\u00e7\u00e3o impec\u00e1vel por parte da nossa equipa de organizadores de casamentos, que assegurou que a dist\u00e2ncia parecesse estar apenas a um passo de dist\u00e2ncia com uma comunica\u00e7\u00e3o excelente e respostas r\u00e1pidas.\n\nAo escolher a Quinta da Pacheca como o local para o seu casamento, o dia desenrolou-se com toda a riqueza que Portugal tem para oferecer. Desde os arredores deslumbrantes at\u00e9 aos momentos sinceros, foi uma celebra\u00e7\u00e3o que refletiu perfeitamente o amor entre Fabienne e Filipe.","has_testimonials_1":true,"testimonials":{"testimonial_pre_title":"Com Amor e Gratid\u00e3o","testimonial_title":"Testemunhos & Parceiros Criativos","testimonial_text":"\"Estamos felizes por termos encontrado a Mary Me, eles ajudaram-nos muito a planear o nosso casamento. Tudo est\u00e1 \u00f3timo, tudo est\u00e1 maravilhoso. Eles tiraram muito trabalho de mim e pouparam-me dores de cabe\u00e7a. Estamos muito gratos!\"","credits_title":"Os Nossos Parceiros de Cria\u00e7\u00e3o","credits":"<ul>\n<li><b>Wedding Planner:<\/b> <a href=\"https:\/\/maryme.pt\/\" target=\"_blank\">Mary Me Portugal Weddings<\/a><\/li>\n<li><b>Espa\u00e7o:<\/b> <a href=\"https:\/\/quintadapacheca.com\/\" target=\"_blank\">Quinta da Pacheca<\/a><\/li>\n<li><b>Decora\u00e7\u00e3o:<\/b> <a href=\"https:\/\/eventosprive.com\/\" target=\"_blank\">Eventos Priv\u00e9<\/a><\/li>\n<li><b>Fotografia:<\/b> <a href=\"https:\/\/brunogarcez.com\/\" target=\"_blank\">Bruno Garcez<\/a><\/li>\n<li><b>Videografia:<\/b> <a href=\"https:\/\/www.wemotionfilms.com\/\" target=\"_blank\">WeMotion Wedding Films<\/a><\/li>\n<\/ul>","testimonial_image":80537,"testimonial_secondary_image":"","testimonial_third_image":null,"has_testimonial_video_1":true,"testimonial_video_orientation":"portrait","testimonial_video_poster":80539,"testimonial_yt_video_id":"EAhpMixZYB0"},"gallery":[{"gallery_pre_title":"Galeria","gallery_title":"Destaques do Casamento","gallery_description":"","gallery_images":[80543,80545,80547,80549,80551,80553,80555,80557,80559,80561,80563,80565,80567,80569,80571,80573,80575,80577,80579,80581,80583,80585,80587,80589,80591,80593,80595,80597,80599,80601,80603,80605,80607,80609,80541]}]},"yoast_head":"<!-- This site is optimized with the Yoast SEO Premium plugin v25.1 (Yoast SEO v26.3) - https:\/\/yoast.com\/wordpress\/plugins\/seo\/ -->\n<title>Fabienne &amp; Filipe Wedding at Quinta da Pacheca () | Mary Me Portugal Weddings<\/title>\n<meta name=\"description\" content=\"Fabienne &amp; Filipe real wedding in Portugal at Quinta da Pacheca . See their beautiful gallery and story.\" \/>\n<meta name=\"robots\" content=\"index, follow, max-snippet:-1, max-image-preview:large, max-video-preview:-1\" \/>\n<link rel=\"canonical\" href=\"https:\/\/maryme.pt\/pt-pt\/real-weddings\/fabienne-filipe\/\" \/>\n<meta property=\"og:locale\" content=\"pt_PT\" \/>\n<meta property=\"og:type\" content=\"article\" \/>\n<meta property=\"og:title\" content=\"Fabienne &amp; Filipe Wedding at Quinta da Pacheca ()\" \/>\n<meta property=\"og:description\" content=\"Fabienne &amp; Filipe real wedding in Portugal at Quinta da Pacheca . See their beautiful gallery and story.\" \/>\n<meta property=\"og:url\" content=\"https:\/\/maryme.pt\/pt-pt\/real-weddings\/fabienne-filipe\/\" \/>\n<meta property=\"og:site_name\" content=\"Mary Me Portugal Weddings\" \/>\n<meta property=\"article:publisher\" content=\"https:\/\/www.facebook.com\/maryme.portugalweddings\" \/>\n<meta property=\"og:image\" content=\"https:\/\/maryme.pt\/wp-content\/uploads\/2025\/10\/Fabienne-Filipe-Featured-Image.jpg\" \/>\n\t<meta property=\"og:image:width\" content=\"1080\" \/>\n\t<meta property=\"og:image:height\" content=\"1920\" \/>\n\t<meta property=\"og:image:type\" content=\"image\/jpeg\" \/>\n<meta name=\"twitter:card\" content=\"summary_large_image\" \/>\n<!-- \/ Yoast SEO Premium plugin. -->","yoast_head_json":{"title":"Fabienne &amp; Filipe Wedding at Quinta da Pacheca () | Mary Me Portugal Weddings","description":"Fabienne & Filipe real wedding in Portugal at Quinta da Pacheca . See their beautiful gallery and story.","robots":{"index":"index","follow":"follow","max-snippet":"max-snippet:-1","max-image-preview":"max-image-preview:large","max-video-preview":"max-video-preview:-1"},"canonical":"https:\/\/maryme.pt\/pt-pt\/real-weddings\/fabienne-filipe\/","og_locale":"pt_PT","og_type":"article","og_title":"Fabienne &amp; Filipe Wedding at Quinta da Pacheca ()","og_description":"Fabienne & Filipe real wedding in Portugal at Quinta da Pacheca . See their beautiful gallery and story.","og_url":"https:\/\/maryme.pt\/pt-pt\/real-weddings\/fabienne-filipe\/","og_site_name":"Mary Me Portugal Weddings","article_publisher":"https:\/\/www.facebook.com\/maryme.portugalweddings","og_image":[{"width":1080,"height":1920,"url":"https:\/\/maryme.pt\/wp-content\/uploads\/2025\/10\/Fabienne-Filipe-Featured-Image.jpg","type":"image\/jpeg"}],"twitter_card":"summary_large_image","schema":{"@context":"https:\/\/schema.org","@graph":[{"@type":"WebPage","@id":"https:\/\/maryme.pt\/pt-pt\/real-weddings\/fabienne-filipe\/","url":"https:\/\/maryme.pt\/pt-pt\/real-weddings\/fabienne-filipe\/","name":"Fabienne &amp; Filipe Wedding at Quinta da Pacheca () | Mary Me Portugal Weddings","isPartOf":{"@id":"https:\/\/maryme.pt\/pt-pt\/#website"},"primaryImageOfPage":{"@id":"https:\/\/maryme.pt\/pt-pt\/real-weddings\/fabienne-filipe\/#primaryimage"},"image":{"@id":"https:\/\/maryme.pt\/pt-pt\/real-weddings\/fabienne-filipe\/#primaryimage"},"thumbnailUrl":"https:\/\/maryme.pt\/wp-content\/uploads\/2025\/10\/Fabienne-Filipe-Featured-Image.jpg","datePublished":"2025-10-14T11:58:47+00:00","description":"Fabienne & Filipe real wedding in Portugal at Quinta da Pacheca . See their beautiful gallery and story.","breadcrumb":{"@id":"https:\/\/maryme.pt\/pt-pt\/real-weddings\/fabienne-filipe\/#breadcrumb"},"inLanguage":"pt-PT","potentialAction":[{"@type":"ReadAction","target":["https:\/\/maryme.pt\/pt-pt\/real-weddings\/fabienne-filipe\/"]}]},{"@type":"ImageObject","inLanguage":"pt-PT","@id":"https:\/\/maryme.pt\/pt-pt\/real-weddings\/fabienne-filipe\/#primaryimage","url":"https:\/\/maryme.pt\/wp-content\/uploads\/2025\/10\/Fabienne-Filipe-Featured-Image.jpg","contentUrl":"https:\/\/maryme.pt\/wp-content\/uploads\/2025\/10\/Fabienne-Filipe-Featured-Image.jpg","width":1080,"height":1920,"caption":"Fabienne & Filipe Featured Image"},{"@type":"BreadcrumbList","@id":"https:\/\/maryme.pt\/pt-pt\/real-weddings\/fabienne-filipe\/#breadcrumb","itemListElement":[{"@type":"ListItem","position":1,"name":"Home","item":"https:\/\/maryme.pt\/pt-pt\/homepage\/"},{"@type":"ListItem","position":2,"name":"Fabienne &amp; Filipe"}]},{"@type":"WebSite","@id":"https:\/\/maryme.pt\/pt-pt\/#website","url":"https:\/\/maryme.pt\/pt-pt\/","name":"Mary Me Portugal Weddings","description":"","publisher":{"@id":"https:\/\/maryme.pt\/pt-pt\/#organization"},"potentialAction":[{"@type":"SearchAction","target":{"@type":"EntryPoint","urlTemplate":"https:\/\/maryme.pt\/pt-pt\/?s={search_term_string}"},"query-input":{"@type":"PropertyValueSpecification","valueRequired":true,"valueName":"search_term_string"}}],"inLanguage":"pt-PT"},{"@type":"Organization","@id":"https:\/\/maryme.pt\/pt-pt\/#organization","name":"Mary Me","alternateName":"Mary Me Destination Weddings","url":"https:\/\/maryme.pt\/pt-pt\/","logo":{"@type":"ImageObject","inLanguage":"pt-PT","@id":"https:\/\/maryme.pt\/pt-pt\/#\/schema\/logo\/image\/","url":"https:\/\/maryme.pt\/wp-content\/uploads\/2023\/07\/mm-favicon.jpg","contentUrl":"https:\/\/maryme.pt\/wp-content\/uploads\/2023\/07\/mm-favicon.jpg","width":512,"height":512,"caption":"Mary Me"},"image":{"@id":"https:\/\/maryme.pt\/pt-pt\/#\/schema\/logo\/image\/"},"sameAs":["https:\/\/www.facebook.com\/maryme.portugalweddings","https:\/\/www.instagram.com\/maryme.portugalweddings","https:\/\/www.youtube.com\/@maryme.portugalweddings","https:\/\/www.pinterest.pt\/marymeportugalweddings\/"]}]}},"_links":{"self":[{"href":"https:\/\/maryme.pt\/pt-pt\/wp-json\/wp\/v2\/real-weddings\/86188","targetHints":{"allow":["GET"]}}],"collection":[{"href":"https:\/\/maryme.pt\/pt-pt\/wp-json\/wp\/v2\/real-weddings"}],"about":[{"href":"https:\/\/maryme.pt\/pt-pt\/wp-json\/wp\/v2\/types\/real-weddings"}],"wp:featuredmedia":[{"embeddable":true,"href":"https:\/\/maryme.pt\/pt-pt\/wp-json\/wp\/v2\/media\/80529"}],"wp:attachment":[{"href":"https:\/\/maryme.pt\/pt-pt\/wp-json\/wp\/v2\/media?parent=86188"}],"wp:term":[{"taxonomy":"category","embeddable":true,"href":"https:\/\/maryme.pt\/pt-pt\/wp-json\/wp\/v2\/categories?post=86188"},{"taxonomy":"post_tag","embeddable":true,"href":"https:\/\/maryme.pt\/pt-pt\/wp-json\/wp\/v2\/tags?post=86188"}],"curies":[{"name":"wp","href":"https:\/\/api.w.org\/{rel}","templated":true}]}}

Por Trás dos Votos

O inesquecível destination wedding de Fabienne e Filipe deixou uma marca indelével em todos os presentes! Atualmente a residir na Suíça, o casal viveu uma coordenação impecável por parte da nossa equipa de organizadores de casamentos, que assegurou que a distância parecesse estar apenas a um passo de distância com uma comunicação excelente e respostas rápidas.

Ao escolher a Quinta da Pacheca como o local para o seu casamento, o dia desenrolou-se com toda a riqueza que Portugal tem para oferecer. Desde os arredores deslumbrantes até aos momentos sinceros, foi uma celebração que refletiu perfeitamente o amor entre Fabienne e Filipe.

Com Amor e Gratidão

"Estamos felizes por termos encontrado a Mary Me, eles ajudaram-nos muito a planear o nosso casamento. Tudo está ótimo, tudo está maravilhoso. Eles tiraram muito trabalho de mim e pouparam-me dores de cabeça. Estamos muito gratos!"

Os Nossos Parceiros de Criação

<ul>
<li><b>Wedding Planner:</b> <a href="https://maryme.pt/" target="_blank">Mary Me Portugal Weddings</a></li>
<li><b>Espaço:</b> <a href="https://quintadapacheca.com/" target="_blank">Quinta da Pacheca</a></li>
<li><b>Decoração:</b> <a href="https://eventosprive.com/" target="_blank">Eventos Privé</a></li>
<li><b>Fotografia:</b> <a href="https://brunogarcez.com/" target="_blank">Bruno Garcez</a></li>
<li><b>Videografia:</b> <a href="https://www.wemotionfilms.com/" target="_blank">WeMotion Wedding Films</a></li>
</ul>
