{"id":86194,"date":"2025-10-12T10:56:59","date_gmt":"2025-10-12T09:56:59","guid":{"rendered":"https:\/\/maryme.pt\/real-weddings\/miriam-conal\/"},"modified":"2025-10-12T10:56:59","modified_gmt":"2025-10-12T09:56:59","slug":"miriam-conal","status":"publish","type":"real-weddings","link":"https:\/\/maryme.pt\/pt-pt\/real-weddings\/miriam-conal\/","title":{"rendered":"Miriam &amp; Conal"},"content":{"rendered":"","protected":false},"featured_media":95761,"template":"","meta":{"_acf_changed":false},"categories":[291,310,314,259,304,298,360,313,380,283],"tags":[],"class_list":["post-86194","real-weddings","type-real-weddings","status-publish","has-post-thumbnail","hentry","category-casamentos-douro","category-casamentos-em-hotel","category-casamentos-em-villas","category-hotel-rural-viscondes-da-varzea-casamentos","category-casamentos-medios","category-casamentos-no-verao","category-casamentos-romanticos","category-casamentos-rurais","category-casamentos-rusticos","category-casamentos-cerimonia-simbolica"],"acf":{"couples_names":"Miriam & Conal","wedding_type":"0","wedding_type_url":"","wedding_region":"0","wedding_region_url":"","wedding_venue":"Hotel Rural Casa dos Viscondes da V\u00e1rzea","wedding_venue_url":"","wedding_date":"20230708","wedding_guests":"","wedding_guests_text":"Guests","wedding_size":"0","wedding_size_url":"","main_image_set":{"main_image_set_left_image":80462,"main_image_set_center_image":80470,"main_image_set_right_image":80464},"main_title":"Por Tr\u00e1s dos Votos","main_text":"Miriam e Conal vieram diretamente da Irlanda para se casarem no nosso belo pa\u00eds!\n\nEles queriam viver a t\u00edpica experi\u00eancia portuguesa, e a Mary Me deu-lhes exatamente o que procuravam: uma vista maravilhosa, boa comida e vinho extraordin\u00e1rio!","has_testimonials_1":true,"testimonials":{"testimonial_pre_title":"Com Amor e Gratid\u00e3o","testimonial_title":"Testemunhos & Parceiros Criativos","testimonial_text":"\u201cA nossa experi\u00eancia com a Mary Me foi absolutamente fant\u00e1stica.\n\nSomos da Irlanda, e foi t\u00e3o dif\u00edcil ultrapassar a barreira e organizar tudo. A Mary Me esteve sempre no topo, a dar conta de tudo.\n\nEstamos a ter o melhor dia de sempre, obrigado por toda a vossa ajuda e organiza\u00e7\u00e3o. N\u00f3s estamos realmente agradecidos. De primeira classe.\u201d","credits_title":"Os Nossos Parceiros de Cria\u00e7\u00e3o","credits":"<ul>\n<li><b>Wedding Planner:<\/b> <a href=\"https:\/\/maryme.pt\/\" target=\"_blank\">Mary Me Portugal Weddings<\/a><\/li>\n<li><b>Espa\u00e7o:<\/b> <a href=\"https:\/\/hotelruralviscondesvarzea.pt\/\" target=\"_blank\">Hotel Rural Casa dos Viscondes da V\u00e1rzea<\/a><\/li>\n<li><b>Fotografia:<\/b> <a href=\"https:\/\/www.profoto.pt\/\" target=\"_blank\">Profoto Studios<\/a><\/li>\n<li><b>Videografia:<\/b> <a href=\"https:\/\/www.profoto.pt\/\" target=\"_blank\">Profoto Studios<\/a><\/li>\n<li><b>Cabelo & Make Up:<\/b> <a href=\"https:\/\/www.facebook.com\/EG.hairandmakeup\/\" target=\"_blank\">Estef\u00e2nia Genovese<\/a><\/li>\n<li><b>Entretenimento:<\/b> <a href=\"https:\/\/www.triskle3.com\/\" target=\"_blank\">Triskle<\/a><\/li>\n<\/ul>","testimonial_image":80466,"testimonial_secondary_image":"","testimonial_third_image":"","has_testimonial_video_1":true,"testimonial_video_orientation":"portrait","testimonial_video_poster":80468,"testimonial_yt_video_id":"Z6tzI_BT7Dg"},"gallery":[{"gallery_pre_title":"Galeria","gallery_title":"Destaques do Casamento","gallery_description":"","gallery_images":[95810,95815,95818,95811,95814,95804,95807,95809,95910]},{"gallery_pre_title":"Gallery","gallery_title":"Event Name","gallery_description":"","gallery_images":[95832,95824,95826,95827,95828,95829,95830,95831,95833,95834]},{"gallery_pre_title":"Gallery","gallery_title":"Event Name","gallery_description":"","gallery_images":[95836,95837,95839,95840,95842,95845,95846,95847,95848,95849,95853,95850,95852]},{"gallery_pre_title":"Gallery","gallery_title":"Event Name","gallery_description":"","gallery_images":[95859,95801,95798,95800,95857,95803,95855,95861,95862]},{"gallery_pre_title":"Gallery","gallery_title":"Event Name","gallery_description":"","gallery_images":[95788,95789,95793,95791,95796]},{"gallery_pre_title":"Gallery","gallery_title":"Event Name","gallery_description":"","gallery_images":[95869,95782,95783,95784,95786,95787,95864,95866,95868]},{"gallery_pre_title":"Gallery","gallery_title":"Event Name","gallery_description":"","gallery_images":[95768,95769,95770,95771,95772,95775,95774,95776,95777,95778,95779]},{"gallery_pre_title":"Gallery","gallery_title":"Event Name","gallery_description":"","gallery_images":[95764,95765,95875,95876,95877,95878,95879,95880,95882,95883,95884,95885]}]},"yoast_head":"<!-- This site is optimized with the Yoast SEO Premium plugin v25.1 (Yoast SEO v26.3) - https:\/\/yoast.com\/wordpress\/plugins\/seo\/ -->\n<title>Miriam &amp; Conal Wedding at Hotel Rural Casa dos Viscondes da V\u00e1rzea (0) | Mary Me Portugal Weddings<\/title>\n<meta name=\"description\" content=\"Miriam &amp; Conal real wedding in Portugal at Hotel Rural Casa dos Viscondes da V\u00e1rzea . See their beautiful gallery and story.\" \/>\n<meta name=\"robots\" content=\"index, follow, max-snippet:-1, max-image-preview:large, max-video-preview:-1\" \/>\n<link rel=\"canonical\" href=\"https:\/\/maryme.pt\/pt-pt\/real-weddings\/miriam-conal\/\" \/>\n<meta property=\"og:locale\" content=\"pt_PT\" \/>\n<meta property=\"og:type\" content=\"article\" \/>\n<meta property=\"og:title\" content=\"Miriam &amp; Conal Wedding at Hotel Rural Casa dos Viscondes da V\u00e1rzea (0)\" \/>\n<meta property=\"og:description\" content=\"Miriam &amp; Conal real wedding in Portugal at Hotel Rural Casa dos Viscondes da V\u00e1rzea . See their beautiful gallery and story.\" \/>\n<meta property=\"og:url\" content=\"https:\/\/maryme.pt\/pt-pt\/real-weddings\/miriam-conal\/\" \/>\n<meta property=\"og:site_name\" content=\"Mary Me Portugal Weddings\" \/>\n<meta property=\"article:publisher\" content=\"https:\/\/www.facebook.com\/maryme.portugalweddings\" \/>\n<meta property=\"og:image\" content=\"https:\/\/maryme.pt\/wp-content\/uploads\/2025\/10\/Miriam-Conal-Featured-Image.jpg\" \/>\n\t<meta property=\"og:image:width\" content=\"1080\" \/>\n\t<meta property=\"og:image:height\" content=\"1920\" \/>\n\t<meta property=\"og:image:type\" content=\"image\/jpeg\" \/>\n<meta name=\"twitter:card\" content=\"summary_large_image\" \/>\n<!-- \/ Yoast SEO Premium plugin. -->","yoast_head_json":{"title":"Miriam &amp; Conal Wedding at Hotel Rural Casa dos Viscondes da V\u00e1rzea (0) | Mary Me Portugal Weddings","description":"Miriam & Conal real wedding in Portugal at Hotel Rural Casa dos Viscondes da V\u00e1rzea . See their beautiful gallery and story.","robots":{"index":"index","follow":"follow","max-snippet":"max-snippet:-1","max-image-preview":"max-image-preview:large","max-video-preview":"max-video-preview:-1"},"canonical":"https:\/\/maryme.pt\/pt-pt\/real-weddings\/miriam-conal\/","og_locale":"pt_PT","og_type":"article","og_title":"Miriam &amp; Conal Wedding at Hotel Rural Casa dos Viscondes da V\u00e1rzea (0)","og_description":"Miriam & Conal real wedding in Portugal at Hotel Rural Casa dos Viscondes da V\u00e1rzea . See their beautiful gallery and story.","og_url":"https:\/\/maryme.pt\/pt-pt\/real-weddings\/miriam-conal\/","og_site_name":"Mary Me Portugal Weddings","article_publisher":"https:\/\/www.facebook.com\/maryme.portugalweddings","og_image":[{"width":1080,"height":1920,"url":"https:\/\/maryme.pt\/wp-content\/uploads\/2025\/10\/Miriam-Conal-Featured-Image.jpg","type":"image\/jpeg"}],"twitter_card":"summary_large_image","schema":{"@context":"https:\/\/schema.org","@graph":[{"@type":"WebPage","@id":"https:\/\/maryme.pt\/pt-pt\/real-weddings\/miriam-conal\/","url":"https:\/\/maryme.pt\/pt-pt\/real-weddings\/miriam-conal\/","name":"Miriam &amp; Conal Wedding at Hotel Rural Casa dos Viscondes da V\u00e1rzea (0) | Mary Me Portugal Weddings","isPartOf":{"@id":"https:\/\/maryme.pt\/pt-pt\/#website"},"primaryImageOfPage":{"@id":"https:\/\/maryme.pt\/pt-pt\/real-weddings\/miriam-conal\/#primaryimage"},"image":{"@id":"https:\/\/maryme.pt\/pt-pt\/real-weddings\/miriam-conal\/#primaryimage"},"thumbnailUrl":"https:\/\/maryme.pt\/wp-content\/uploads\/2025\/10\/Miriam-Conal-Featured-Image.jpg","datePublished":"2025-10-12T09:56:59+00:00","description":"Miriam & Conal real wedding in Portugal at Hotel Rural Casa dos Viscondes da V\u00e1rzea . See their beautiful gallery and story.","breadcrumb":{"@id":"https:\/\/maryme.pt\/pt-pt\/real-weddings\/miriam-conal\/#breadcrumb"},"inLanguage":"pt-PT","potentialAction":[{"@type":"ReadAction","target":["https:\/\/maryme.pt\/pt-pt\/real-weddings\/miriam-conal\/"]}]},{"@type":"ImageObject","inLanguage":"pt-PT","@id":"https:\/\/maryme.pt\/pt-pt\/real-weddings\/miriam-conal\/#primaryimage","url":"https:\/\/maryme.pt\/wp-content\/uploads\/2025\/10\/Miriam-Conal-Featured-Image.jpg","contentUrl":"https:\/\/maryme.pt\/wp-content\/uploads\/2025\/10\/Miriam-Conal-Featured-Image.jpg","width":1080,"height":1920,"caption":"Miriam & Conal Featured Image"},{"@type":"BreadcrumbList","@id":"https:\/\/maryme.pt\/pt-pt\/real-weddings\/miriam-conal\/#breadcrumb","itemListElement":[{"@type":"ListItem","position":1,"name":"Home","item":"https:\/\/maryme.pt\/pt-pt\/homepage\/"},{"@type":"ListItem","position":2,"name":"Miriam &amp; Conal"}]},{"@type":"WebSite","@id":"https:\/\/maryme.pt\/pt-pt\/#website","url":"https:\/\/maryme.pt\/pt-pt\/","name":"Mary Me Portugal Weddings","description":"","publisher":{"@id":"https:\/\/maryme.pt\/pt-pt\/#organization"},"potentialAction":[{"@type":"SearchAction","target":{"@type":"EntryPoint","urlTemplate":"https:\/\/maryme.pt\/pt-pt\/?s={search_term_string}"},"query-input":{"@type":"PropertyValueSpecification","valueRequired":true,"valueName":"search_term_string"}}],"inLanguage":"pt-PT"},{"@type":"Organization","@id":"https:\/\/maryme.pt\/pt-pt\/#organization","name":"Mary Me","alternateName":"Mary Me Destination Weddings","url":"https:\/\/maryme.pt\/pt-pt\/","logo":{"@type":"ImageObject","inLanguage":"pt-PT","@id":"https:\/\/maryme.pt\/pt-pt\/#\/schema\/logo\/image\/","url":"https:\/\/maryme.pt\/wp-content\/uploads\/2023\/07\/mm-favicon.jpg","contentUrl":"https:\/\/maryme.pt\/wp-content\/uploads\/2023\/07\/mm-favicon.jpg","width":512,"height":512,"caption":"Mary Me"},"image":{"@id":"https:\/\/maryme.pt\/pt-pt\/#\/schema\/logo\/image\/"},"sameAs":["https:\/\/www.facebook.com\/maryme.portugalweddings","https:\/\/www.instagram.com\/maryme.portugalweddings","https:\/\/www.youtube.com\/@maryme.portugalweddings","https:\/\/www.pinterest.pt\/marymeportugalweddings\/"]}]}},"_links":{"self":[{"href":"https:\/\/maryme.pt\/pt-pt\/wp-json\/wp\/v2\/real-weddings\/86194","targetHints":{"allow":["GET"]}}],"collection":[{"href":"https:\/\/maryme.pt\/pt-pt\/wp-json\/wp\/v2\/real-weddings"}],"about":[{"href":"https:\/\/maryme.pt\/pt-pt\/wp-json\/wp\/v2\/types\/real-weddings"}],"wp:featuredmedia":[{"embeddable":true,"href":"https:\/\/maryme.pt\/pt-pt\/wp-json\/wp\/v2\/media\/95761"}],"wp:attachment":[{"href":"https:\/\/maryme.pt\/pt-pt\/wp-json\/wp\/v2\/media?parent=86194"}],"wp:term":[{"taxonomy":"category","embeddable":true,"href":"https:\/\/maryme.pt\/pt-pt\/wp-json\/wp\/v2\/categories?post=86194"},{"taxonomy":"post_tag","embeddable":true,"href":"https:\/\/maryme.pt\/pt-pt\/wp-json\/wp\/v2\/tags?post=86194"}],"curies":[{"name":"wp","href":"https:\/\/api.w.org\/{rel}","templated":true}]}}

Hotel Rural Casa dos Viscondes da Várzea

Por Trás dos Votos

Miriam e Conal vieram diretamente da Irlanda para se casarem no nosso belo país!

Eles queriam viver a típica experiência portuguesa, e a Mary Me deu-lhes exatamente o que procuravam: uma vista maravilhosa, boa comida e vinho extraordinário!

Com Amor e Gratidão

“A nossa experiência com a Mary Me foi absolutamente fantástica.

Somos da Irlanda, e foi tão difícil ultrapassar a barreira e organizar tudo. A Mary Me esteve sempre no topo, a dar conta de tudo.

Estamos a ter o melhor dia de sempre, obrigado por toda a vossa ajuda e organização. Nós estamos realmente agradecidos. De primeira classe.”

Os Nossos Parceiros de Criação

<ul>
<li><b>Wedding Planner:</b> <a href="https://maryme.pt/" target="_blank">Mary Me Portugal Weddings</a></li>
<li><b>Espaço:</b> <a href="https://hotelruralviscondesvarzea.pt/" target="_blank">Hotel Rural Casa dos Viscondes da Várzea</a></li>
<li><b>Fotografia:</b> <a href="https://www.profoto.pt/" target="_blank">Profoto Studios</a></li>
<li><b>Videografia:</b> <a href="https://www.profoto.pt/" target="_blank">Profoto Studios</a></li>
<li><b>Cabelo & Make Up:</b> <a href="https://www.facebook.com/EG.hairandmakeup/" target="_blank">Estefânia Genovese</a></li>
<li><b>Entretenimento:</b> <a href="https://www.triskle3.com/" target="_blank">Triskle</a></li>
</ul>

<!-- This site is optimized with the Yoast SEO Premium plugin v25.1 (Yoast SEO v26.3) - https://yoast.com/wordpress/plugins/seo/ -->
<title>Miriam &amp; Conal Wedding at Hotel Rural Casa dos Viscondes da Várzea (0) | Mary Me Portugal Weddings</title>
<meta name="description" content="Miriam &amp; Conal real wedding in Portugal at Hotel Rural Casa dos Viscondes da Várzea . See their beautiful gallery and story." />
<meta name="robots" content="index, follow, max-snippet:-1, max-image-preview:large, max-video-preview:-1" />
<link rel="canonical" href="https://maryme.pt/pt-pt/real-weddings/miriam-conal/" />
<meta property="og:locale" content="pt_PT" />
<meta property="og:type" content="article" />
<meta property="og:title" content="Miriam &amp; Conal Wedding at Hotel Rural Casa dos Viscondes da Várzea (0)" />
<meta property="og:description" content="Miriam &amp; Conal real wedding in Portugal at Hotel Rural Casa dos Viscondes da Várzea . See their beautiful gallery and story." />
<meta property="og:url" content="https://maryme.pt/pt-pt/real-weddings/miriam-conal/" />
<meta property="og:site_name" content="Mary Me Portugal Weddings" />
<meta property="article:publisher" content="https://www.facebook.com/maryme.portugalweddings" />
<meta property="og:image" content="https://maryme.pt/wp-content/uploads/2025/10/Miriam-Conal-Featured-Image.jpg" />
	<meta property="og:image:width" content="1080" />
	<meta property="og:image:height" content="1920" />
	<meta property="og:image:type" content="image/jpeg" />
<meta name="twitter:card" content="summary_large_image" />
<!-- / Yoast SEO Premium plugin. -->

Miriam &amp; Conal Wedding at Hotel Rural Casa dos Viscondes da Várzea (0) | Mary Me Portugal Weddings

Miriam & Conal real wedding in Portugal at Hotel Rural Casa dos Viscondes da Várzea . See their beautiful gallery and story.

Miriam &amp; Conal Wedding at Hotel Rural Casa dos Viscondes da Várzea (0)
