{"id":86205,"date":"2025-10-03T18:43:28","date_gmt":"2025-10-03T17:43:28","guid":{"rendered":"https:\/\/maryme.pt\/real-weddings\/jennifer-fabijen\/"},"modified":"2025-10-03T18:43:28","modified_gmt":"2025-10-03T17:43:28","slug":"jennifer-fabijen","status":"publish","type":"real-weddings","link":"https:\/\/maryme.pt\/pt-pt\/real-weddings\/jennifer-fabijen\/","title":{"rendered":"Jennifer &amp; Fabijen"},"content":{"rendered":"","protected":false},"featured_media":86204,"template":"","meta":{"_acf_changed":false},"categories":[253,314,297,306,293,380,283,29],"tags":[],"class_list":["post-86205","real-weddings","type-real-weddings","status-publish","has-post-thumbnail","hentry","category-casa-do-ribeirinho-casamentos","category-casamentos-em-villas","category-casamentos-na-primavera","category-casamentos-pequenos","category-casamentos-porto","category-casamentos-rusticos","category-casamentos-cerimonia-simbolica","category-planeamento-completo-de-casamento"],"acf":{"couples_names":"Jennifer & Fabijen","wedding_type":false,"wedding_type_url":"","wedding_region":false,"wedding_region_url":"","wedding_venue":"Casa do Ribeirinho","wedding_venue_url":"","wedding_date":"20230602","wedding_guests":"","wedding_guests_text":"Guests","wedding_size":false,"wedding_size_url":"","main_image_set":{"main_image_set_left_image":86207,"main_image_set_center_image":86206,"main_image_set_right_image":86208},"main_title":"Por Tr\u00e1s dos Votos","main_text":"No dia 2 de junho, a Casa do Ribeirinho tornou-se o cen\u00e1rio vibrante para um emocionante destination wedding, celebrando a uni\u00e3o de Jennifer e Fabijan, realizado com o apoio e coordena\u00e7\u00e3o dedicados da nossa equipa. Foi um dia verdadeiramente memor\u00e1vel e sincero, onde o casal reuniu calorosamente familiares e amigos que viajaram de v\u00e1rios pa\u00edses para testemunhar o seu amor. Desde o primeiro olhar at\u00e9 aos brindes emocionantes, o ambiente estava repleto de felicidade genu\u00edna, refletindo perfeitamente a alegria de uma reuni\u00e3o global centrada na sua hist\u00f3ria de amor especial.  ","has_testimonials_1":true,"testimonials":{"testimonial_pre_title":"Com Amor e Gratid\u00e3o","testimonial_title":"Testemunhos & Parceiros Criativos","testimonial_text":"\u201cEnt\u00e3o, antes de mais nada, obrigado por toda a organiza\u00e7\u00e3o, Mary Me.<br><br>Tivemos um casamento incr\u00edvel e mal podemos esperar para come\u00e7ar a festa.<br><br>Obrigado!\u201d","credits_title":"Os Nossos Parceiros de Cria\u00e7\u00e3o","credits":"<ul>\n<li><b>Wedding Planner:<\/b> <a href=\"https:\/\/maryme.pt\/\" target=\"_blank\">Mary Me Portugal Weddings<\/a><\/li>\n<li><b>Espa\u00e7o:<\/b> <a href=\"https:\/\/www.casadoribeirinho.com\/\" target=\"_blank\">Casa do Ribeirinho<\/a><\/li>\n<li><b>Fotografia:<\/b> <a href=\"https:\/\/www.loveframes.pt\/\" target=\"_blank\">Love Frames<\/a><\/li>\n<li><b>Cabelo & Make Up:<\/b> <a href=\"https:\/\/www.elisaalmeida.com\/\" target=\"_blank\">Elisa Almeida<\/a><\/li>\n<li><b>Cabelo & Make Up:<\/b> <a href=\"https:\/\/www.instagram.com\/vanessacamposhairstylistmakeup\/\" target=\"_blank\">Vanessa Campos<\/a><\/li>\n<\/ul>","testimonial_image":86209,"testimonial_secondary_image":86210,"testimonial_third_image":null,"has_testimonial_video_1":false,"testimonial_video_orientation":"portrait","testimonial_video_poster":null,"testimonial_yt_video_id":""},"gallery":[{"gallery_pre_title":"Galeria","gallery_title":"Destaques do Casamento","gallery_description":"","gallery_images":[86212,86213,86227,86219,86214,86215,86216,86217,86218,86222,86223,86224,86226,86220,86221,86234,86233,86225,86228,86229,86230,86231,86232,86235,86211]}]},"yoast_head":"<!-- This site is optimized with the Yoast SEO Premium plugin v25.1 (Yoast SEO v26.3) - https:\/\/yoast.com\/wordpress\/plugins\/seo\/ -->\n<title>Jennifer &amp; Fabijen Wedding at Casa do Ribeirinho () | Mary Me Portugal Weddings<\/title>\n<meta name=\"description\" content=\"Jennifer &amp; Fabijen real wedding in Portugal at Casa do Ribeirinho . See their beautiful gallery and story.\" \/>\n<meta name=\"robots\" content=\"index, follow, max-snippet:-1, max-image-preview:large, max-video-preview:-1\" \/>\n<link rel=\"canonical\" href=\"https:\/\/maryme.pt\/pt-pt\/real-weddings\/jennifer-fabijen\/\" \/>\n<meta property=\"og:locale\" content=\"pt_PT\" \/>\n<meta property=\"og:type\" content=\"article\" \/>\n<meta property=\"og:title\" content=\"Jennifer &amp; Fabijen Wedding at Casa do Ribeirinho ()\" \/>\n<meta property=\"og:description\" content=\"Jennifer &amp; Fabijen real wedding in Portugal at Casa do Ribeirinho . See their beautiful gallery and story.\" \/>\n<meta property=\"og:url\" content=\"https:\/\/maryme.pt\/pt-pt\/real-weddings\/jennifer-fabijen\/\" \/>\n<meta property=\"og:site_name\" content=\"Mary Me Portugal Weddings\" \/>\n<meta property=\"article:publisher\" content=\"https:\/\/www.facebook.com\/maryme.portugalweddings\" \/>\n<meta property=\"og:image\" content=\"https:\/\/maryme.pt\/wp-content\/uploads\/2025\/11\/Jennifer-Fabijen-Feature-Image.jpg\" \/>\n\t<meta property=\"og:image:width\" content=\"1080\" \/>\n\t<meta property=\"og:image:height\" content=\"1920\" \/>\n\t<meta property=\"og:image:type\" content=\"image\/jpeg\" \/>\n<meta name=\"twitter:card\" content=\"summary_large_image\" \/>\n<!-- \/ Yoast SEO Premium plugin. -->","yoast_head_json":{"title":"Jennifer &amp; Fabijen Wedding at Casa do Ribeirinho () | Mary Me Portugal Weddings","description":"Jennifer & Fabijen real wedding in Portugal at Casa do Ribeirinho . See their beautiful gallery and story.","robots":{"index":"index","follow":"follow","max-snippet":"max-snippet:-1","max-image-preview":"max-image-preview:large","max-video-preview":"max-video-preview:-1"},"canonical":"https:\/\/maryme.pt\/pt-pt\/real-weddings\/jennifer-fabijen\/","og_locale":"pt_PT","og_type":"article","og_title":"Jennifer &amp; Fabijen Wedding at Casa do Ribeirinho ()","og_description":"Jennifer & Fabijen real wedding in Portugal at Casa do Ribeirinho . See their beautiful gallery and story.","og_url":"https:\/\/maryme.pt\/pt-pt\/real-weddings\/jennifer-fabijen\/","og_site_name":"Mary Me Portugal Weddings","article_publisher":"https:\/\/www.facebook.com\/maryme.portugalweddings","og_image":[{"width":1080,"height":1920,"url":"https:\/\/maryme.pt\/wp-content\/uploads\/2025\/11\/Jennifer-Fabijen-Feature-Image.jpg","type":"image\/jpeg"}],"twitter_card":"summary_large_image","schema":{"@context":"https:\/\/schema.org","@graph":[{"@type":"WebPage","@id":"https:\/\/maryme.pt\/pt-pt\/real-weddings\/jennifer-fabijen\/","url":"https:\/\/maryme.pt\/pt-pt\/real-weddings\/jennifer-fabijen\/","name":"Jennifer &amp; Fabijen Wedding at Casa do Ribeirinho () | Mary Me Portugal Weddings","isPartOf":{"@id":"https:\/\/maryme.pt\/pt-pt\/#website"},"primaryImageOfPage":{"@id":"https:\/\/maryme.pt\/pt-pt\/real-weddings\/jennifer-fabijen\/#primaryimage"},"image":{"@id":"https:\/\/maryme.pt\/pt-pt\/real-weddings\/jennifer-fabijen\/#primaryimage"},"thumbnailUrl":"https:\/\/maryme.pt\/wp-content\/uploads\/2025\/11\/Jennifer-Fabijen-Feature-Image.jpg","datePublished":"2025-10-03T17:43:28+00:00","description":"Jennifer & Fabijen real wedding in Portugal at Casa do Ribeirinho . See their beautiful gallery and story.","breadcrumb":{"@id":"https:\/\/maryme.pt\/pt-pt\/real-weddings\/jennifer-fabijen\/#breadcrumb"},"inLanguage":"pt-PT","potentialAction":[{"@type":"ReadAction","target":["https:\/\/maryme.pt\/pt-pt\/real-weddings\/jennifer-fabijen\/"]}]},{"@type":"ImageObject","inLanguage":"pt-PT","@id":"https:\/\/maryme.pt\/pt-pt\/real-weddings\/jennifer-fabijen\/#primaryimage","url":"https:\/\/maryme.pt\/wp-content\/uploads\/2025\/11\/Jennifer-Fabijen-Feature-Image.jpg","contentUrl":"https:\/\/maryme.pt\/wp-content\/uploads\/2025\/11\/Jennifer-Fabijen-Feature-Image.jpg","width":1080,"height":1920,"caption":"Jennifer &amp; Fabijen Feature Image"},{"@type":"BreadcrumbList","@id":"https:\/\/maryme.pt\/pt-pt\/real-weddings\/jennifer-fabijen\/#breadcrumb","itemListElement":[{"@type":"ListItem","position":1,"name":"Home","item":"https:\/\/maryme.pt\/pt-pt\/homepage\/"},{"@type":"ListItem","position":2,"name":"Jennifer &amp; Fabijen"}]},{"@type":"WebSite","@id":"https:\/\/maryme.pt\/pt-pt\/#website","url":"https:\/\/maryme.pt\/pt-pt\/","name":"Mary Me Portugal Weddings","description":"","publisher":{"@id":"https:\/\/maryme.pt\/pt-pt\/#organization"},"potentialAction":[{"@type":"SearchAction","target":{"@type":"EntryPoint","urlTemplate":"https:\/\/maryme.pt\/pt-pt\/?s={search_term_string}"},"query-input":{"@type":"PropertyValueSpecification","valueRequired":true,"valueName":"search_term_string"}}],"inLanguage":"pt-PT"},{"@type":"Organization","@id":"https:\/\/maryme.pt\/pt-pt\/#organization","name":"Mary Me","alternateName":"Mary Me Destination Weddings","url":"https:\/\/maryme.pt\/pt-pt\/","logo":{"@type":"ImageObject","inLanguage":"pt-PT","@id":"https:\/\/maryme.pt\/pt-pt\/#\/schema\/logo\/image\/","url":"https:\/\/maryme.pt\/wp-content\/uploads\/2023\/07\/mm-favicon.jpg","contentUrl":"https:\/\/maryme.pt\/wp-content\/uploads\/2023\/07\/mm-favicon.jpg","width":512,"height":512,"caption":"Mary Me"},"image":{"@id":"https:\/\/maryme.pt\/pt-pt\/#\/schema\/logo\/image\/"},"sameAs":["https:\/\/www.facebook.com\/maryme.portugalweddings","https:\/\/www.instagram.com\/maryme.portugalweddings","https:\/\/www.youtube.com\/@maryme.portugalweddings","https:\/\/www.pinterest.pt\/marymeportugalweddings\/"]}]}},"_links":{"self":[{"href":"https:\/\/maryme.pt\/pt-pt\/wp-json\/wp\/v2\/real-weddings\/86205","targetHints":{"allow":["GET"]}}],"collection":[{"href":"https:\/\/maryme.pt\/pt-pt\/wp-json\/wp\/v2\/real-weddings"}],"about":[{"href":"https:\/\/maryme.pt\/pt-pt\/wp-json\/wp\/v2\/types\/real-weddings"}],"wp:featuredmedia":[{"embeddable":true,"href":"https:\/\/maryme.pt\/pt-pt\/wp-json\/wp\/v2\/media\/86204"}],"wp:attachment":[{"href":"https:\/\/maryme.pt\/pt-pt\/wp-json\/wp\/v2\/media?parent=86205"}],"wp:term":[{"taxonomy":"category","embeddable":true,"href":"https:\/\/maryme.pt\/pt-pt\/wp-json\/wp\/v2\/categories?post=86205"},{"taxonomy":"post_tag","embeddable":true,"href":"https:\/\/maryme.pt\/pt-pt\/wp-json\/wp\/v2\/tags?post=86205"}],"curies":[{"name":"wp","href":"https:\/\/api.w.org\/{rel}","templated":true}]}}

Por Trás dos Votos

No dia 2 de junho, a Casa do Ribeirinho tornou-se o cenário vibrante para um emocionante destination wedding, celebrando a união de Jennifer e Fabijan, realizado com o apoio e coordenação dedicados da nossa equipa. Foi um dia verdadeiramente memorável e sincero, onde o casal reuniu calorosamente familiares e amigos que viajaram de vários países para testemunhar o seu amor. Desde o primeiro olhar até aos brindes emocionantes, o ambiente estava repleto de felicidade genuína, refletindo perfeitamente a alegria de uma reunião global centrada na sua história de amor especial.

Com Amor e Gratidão

“Então, antes de mais nada, obrigado por toda a organização, Mary Me.<br><br>Tivemos um casamento incrível e mal podemos esperar para começar a festa.<br><br>Obrigado!”

Os Nossos Parceiros de Criação

<ul>
<li><b>Wedding Planner:</b> <a href="https://maryme.pt/" target="_blank">Mary Me Portugal Weddings</a></li>
<li><b>Espaço:</b> <a href="https://www.casadoribeirinho.com/" target="_blank">Casa do Ribeirinho</a></li>
<li><b>Fotografia:</b> <a href="https://www.loveframes.pt/" target="_blank">Love Frames</a></li>
<li><b>Cabelo & Make Up:</b> <a href="https://www.elisaalmeida.com/" target="_blank">Elisa Almeida</a></li>
<li><b>Cabelo & Make Up:</b> <a href="https://www.instagram.com/vanessacamposhairstylistmakeup/" target="_blank">Vanessa Campos</a></li>
</ul>
