{"id":99198,"date":"2026-04-27T14:50:21","date_gmt":"2026-04-27T13:50:21","guid":{"rendered":"https:\/\/maryme.pt\/real-weddings\/sabrina-troy\/"},"modified":"2026-04-27T14:50:21","modified_gmt":"2026-04-27T13:50:21","slug":"sabrina-troy","status":"publish","type":"real-weddings","link":"https:\/\/maryme.pt\/pt-pt\/real-weddings\/sabrina-troy\/","title":{"rendered":"Sabrina &amp; Troy"},"content":{"rendered":"","protected":false},"featured_media":99197,"template":"","meta":{"_acf_changed":false},"categories":[310,312,359,304,298,263,293,360,283,29],"tags":[],"class_list":["post-99198","real-weddings","type-real-weddings","status-publish","has-post-thumbnail","hentry","category-casamentos-em-hotel","category-casamentos-em-palacios","category-casamentos-junto-a-agua","category-casamentos-medios","category-casamentos-no-verao","category-pestana-palacio-do-freixo-casamentos","category-casamentos-porto","category-casamentos-romanticos","category-casamentos-cerimonia-simbolica","category-planeamento-completo-de-casamento"],"acf":{"couples_names":"Sabrina & Troy","wedding_type":"Destination Wedding","wedding_type_url":"https:\/\/maryme.pt\/services\/destination-weddings\/","wedding_region":"Porto","wedding_region_url":"","wedding_venue":"Pestana Pal\u00e1cio do Freixo","wedding_venue_url":"","wedding_date":"20250529","wedding_guests":"115","wedding_guests_text":"Convidados","wedding_size":"Midsize Wedding","wedding_size_url":"","main_image_set":{"main_image_set_left_image":99293,"main_image_set_center_image":99295,"main_image_set_right_image":99294},"main_title":"Por Tr\u00e1s dos Votos","main_text":"A hist\u00f3ria de Sabrina e Troy teve in\u00edcio h\u00e1 mais de uma d\u00e9cada. Conheceram-se no ver\u00e3o de 2011, quando tinham apenas quinze anos, viviam em cidades vizinhas e tinham amigos em comum. Passaram o resto do ensino secund\u00e1rio juntos, criando muitas mem\u00f3rias ao longo do caminho.  <br>\n<br>A Sabrina \u00e9 portuguesa e, enquanto crescia, passava quase todos os ver\u00f5es em Portugal com os av\u00f3s. Como seria de esperar, o Troy apaixonou-se rapidamente por Portugal e, poucas horas depois de terem chegado \u00e0 sua primeira viagem juntos ao Porto, decidiu pedir a Sabrina em casamento. O casamento deles ser\u00e1 um momento em que o c\u00edrculo se fecha!  ","has_testimonials_1":true,"testimonials":{"testimonial_pre_title":"Com Amor e Gratid\u00e3o","testimonial_title":"Parceiros Criativos","testimonial_text":"","credits_title":"Os Nossos Parceiros de Cria\u00e7\u00e3o","credits":"<ul>\n<li><b>Wedding Planner:<\/b> <a href=\"https:\/\/maryme.pt\/\" target=\"_blank\">Mary Me Portugal Weddings<\/a><\/li>\n<li><b>Espa\u00e7o:<\/b> <a href=\"https:\/\/www.pestana.com\/pt\/hotel\/freixo-palace\" target=\"_blank\">Pestana Pal\u00e1cio do Freixo<\/a><\/li>\n<li><b>Decor:<\/b> <a href=\"https:\/\/eventosprive.com\/\" target=\"_blank\">Eventos Priv\u00e9<\/a><\/li>\n<li><b>Fotografia:<\/b> <a href=\"https:\/\/artemagna.pt\/\" target=\"_blank\">Arte Magna<\/a><\/li>\n<li><b>Videografia:<\/b> <a href=\"https:\/\/www.wemotionfilms.com\/\" _blank=\"\">We Motion<\/a><\/li>\n<li><b>Cabelo & Make Up:<\/b> <a href=\"https:\/\/www.elisaalmeida.com\/\" target=\"_blank\">Elisa Almeida<\/a><\/li>\n<li><b>Entretenimento - Festa:<\/b> <a href=\"https:\/\/www.thegroovy.pt\/pt\/\" target=\"_blank\">The Groovy<\/a><\/li>\n<li><b>Bolo de Casamento:<\/b> <a href=\"https:\/\/www.cempecadosatelier.com\/\" target=\"_blank\">Cem Pecados<\/a><\/li>\n<\/ul>","testimonial_image":99296,"testimonial_secondary_image":99297,"testimonial_third_image":"","has_testimonial_video_1":false,"testimonial_video_orientation":"portrait","testimonial_video_poster":null,"testimonial_yt_video_id":""},"gallery":[{"gallery_pre_title":"Galeria","gallery_title":"Welcome Party","gallery_description":"","gallery_images":[99283,99284,99285,99286,99287,99288,99289,99290,99291,99292]},{"gallery_pre_title":"Galeria","gallery_title":"A Prepara\u00e7\u00e3o","gallery_description":"","gallery_images":[99199,99200,99201,99202,99203,99204,99205,99207]},{"gallery_pre_title":"Galeria","gallery_title":"Cerim\u00f3nia","gallery_description":"","gallery_images":[99208,99210,99214,99209,99212,99213,99211,99215,99216]},{"gallery_pre_title":"Galeria","gallery_title":"Cocktail","gallery_description":"","gallery_images":[99217,99218,99219,99220,99221,99222,99223,99224,99225]},{"gallery_pre_title":"Galeria","gallery_title":"Sess\u00e3o de Casal","gallery_description":"","gallery_images":[99226,99227,99228,99229,99230,99231,99232,99233,99197]},{"gallery_pre_title":"Galeria","gallery_title":"Decora\u00e7\u00e3o","gallery_description":"","gallery_images":[99234,99235,99236,99237,99238,99239,99240,99241,99242,99243,99244,99245,99282]},{"gallery_pre_title":"Galeria","gallery_title":"Jantar","gallery_description":"","gallery_images":[99246,99247,99248,99249,99250,99251,99252,99253,99254,99255,99281]},{"gallery_pre_title":"Galeria","gallery_title":"Corte do Bolo & Fogo de Artif\u00edcio","gallery_description":"","gallery_images":[99256,99257,99258,99259,99260,99261,99262,99263,99264,99265,99266,99267]},{"gallery_pre_title":"Galeria","gallery_title":"Festa","gallery_description":"","gallery_images":[99268,99269,99270,99271,99272,99273,99274,99275,99276,99277,99278,99279,99280]}]},"yoast_head":"<!-- This site is optimized with the Yoast SEO Premium plugin v25.1 (Yoast SEO v26.3) - https:\/\/yoast.com\/wordpress\/plugins\/seo\/ -->\n<title>Sabrina &amp; Troy Wedding at Pestana Pal\u00e1cio do Freixo (Porto) | Mary Me Portugal Weddings<\/title>\n<meta name=\"description\" content=\"Sabrina &amp; Troy real wedding in Portugal at Pestana Pal\u00e1cio do Freixo . See their beautiful gallery and story.\" \/>\n<meta name=\"robots\" content=\"index, follow, max-snippet:-1, max-image-preview:large, max-video-preview:-1\" \/>\n<link rel=\"canonical\" href=\"https:\/\/maryme.pt\/pt-pt\/real-weddings\/sabrina-troy\/\" \/>\n<meta property=\"og:locale\" content=\"pt_PT\" \/>\n<meta property=\"og:type\" content=\"article\" \/>\n<meta property=\"og:title\" content=\"Sabrina &amp; Troy Wedding at Pestana Pal\u00e1cio do Freixo (Porto)\" \/>\n<meta property=\"og:description\" content=\"Sabrina &amp; Troy real wedding in Portugal at Pestana Pal\u00e1cio do Freixo . See their beautiful gallery and story.\" \/>\n<meta property=\"og:url\" content=\"https:\/\/maryme.pt\/pt-pt\/real-weddings\/sabrina-troy\/\" \/>\n<meta property=\"og:site_name\" content=\"Mary Me Portugal Weddings\" \/>\n<meta property=\"article:publisher\" content=\"https:\/\/www.facebook.com\/maryme.portugalweddings\" \/>\n<meta property=\"og:image\" content=\"https:\/\/maryme.pt\/wp-content\/uploads\/2026\/04\/637-Sabrina-Troy.jpg\" \/>\n\t<meta property=\"og:image:width\" content=\"1067\" \/>\n\t<meta property=\"og:image:height\" content=\"1600\" \/>\n\t<meta property=\"og:image:type\" content=\"image\/jpeg\" \/>\n<meta name=\"twitter:card\" content=\"summary_large_image\" \/>\n<!-- \/ Yoast SEO Premium plugin. -->","yoast_head_json":{"title":"Sabrina &amp; Troy Wedding at Pestana Pal\u00e1cio do Freixo (Porto) | Mary Me Portugal Weddings","description":"Sabrina & Troy real wedding in Portugal at Pestana Pal\u00e1cio do Freixo . See their beautiful gallery and story.","robots":{"index":"index","follow":"follow","max-snippet":"max-snippet:-1","max-image-preview":"max-image-preview:large","max-video-preview":"max-video-preview:-1"},"canonical":"https:\/\/maryme.pt\/pt-pt\/real-weddings\/sabrina-troy\/","og_locale":"pt_PT","og_type":"article","og_title":"Sabrina &amp; Troy Wedding at Pestana Pal\u00e1cio do Freixo (Porto)","og_description":"Sabrina & Troy real wedding in Portugal at Pestana Pal\u00e1cio do Freixo . See their beautiful gallery and story.","og_url":"https:\/\/maryme.pt\/pt-pt\/real-weddings\/sabrina-troy\/","og_site_name":"Mary Me Portugal Weddings","article_publisher":"https:\/\/www.facebook.com\/maryme.portugalweddings","og_image":[{"width":1067,"height":1600,"url":"https:\/\/maryme.pt\/wp-content\/uploads\/2026\/04\/637-Sabrina-Troy.jpg","type":"image\/jpeg"}],"twitter_card":"summary_large_image","schema":{"@context":"https:\/\/schema.org","@graph":[{"@type":"WebPage","@id":"https:\/\/maryme.pt\/pt-pt\/real-weddings\/sabrina-troy\/","url":"https:\/\/maryme.pt\/pt-pt\/real-weddings\/sabrina-troy\/","name":"Sabrina &amp; Troy Wedding at Pestana Pal\u00e1cio do Freixo (Porto) | Mary Me Portugal Weddings","isPartOf":{"@id":"https:\/\/maryme.pt\/pt-pt\/#website"},"primaryImageOfPage":{"@id":"https:\/\/maryme.pt\/pt-pt\/real-weddings\/sabrina-troy\/#primaryimage"},"image":{"@id":"https:\/\/maryme.pt\/pt-pt\/real-weddings\/sabrina-troy\/#primaryimage"},"thumbnailUrl":"https:\/\/maryme.pt\/wp-content\/uploads\/2026\/04\/637-Sabrina-Troy.jpg","datePublished":"2026-04-27T13:50:21+00:00","description":"Sabrina & Troy real wedding in Portugal at Pestana Pal\u00e1cio do Freixo . See their beautiful gallery and story.","breadcrumb":{"@id":"https:\/\/maryme.pt\/pt-pt\/real-weddings\/sabrina-troy\/#breadcrumb"},"inLanguage":"pt-PT","potentialAction":[{"@type":"ReadAction","target":["https:\/\/maryme.pt\/pt-pt\/real-weddings\/sabrina-troy\/"]}]},{"@type":"ImageObject","inLanguage":"pt-PT","@id":"https:\/\/maryme.pt\/pt-pt\/real-weddings\/sabrina-troy\/#primaryimage","url":"https:\/\/maryme.pt\/wp-content\/uploads\/2026\/04\/637-Sabrina-Troy.jpg","contentUrl":"https:\/\/maryme.pt\/wp-content\/uploads\/2026\/04\/637-Sabrina-Troy.jpg","width":1067,"height":1600},{"@type":"BreadcrumbList","@id":"https:\/\/maryme.pt\/pt-pt\/real-weddings\/sabrina-troy\/#breadcrumb","itemListElement":[{"@type":"ListItem","position":1,"name":"Home","item":"https:\/\/maryme.pt\/pt-pt\/homepage\/"},{"@type":"ListItem","position":2,"name":"Sabrina &amp; Troy"}]},{"@type":"WebSite","@id":"https:\/\/maryme.pt\/pt-pt\/#website","url":"https:\/\/maryme.pt\/pt-pt\/","name":"Mary Me Portugal Weddings","description":"","publisher":{"@id":"https:\/\/maryme.pt\/pt-pt\/#organization"},"potentialAction":[{"@type":"SearchAction","target":{"@type":"EntryPoint","urlTemplate":"https:\/\/maryme.pt\/pt-pt\/?s={search_term_string}"},"query-input":{"@type":"PropertyValueSpecification","valueRequired":true,"valueName":"search_term_string"}}],"inLanguage":"pt-PT"},{"@type":"Organization","@id":"https:\/\/maryme.pt\/pt-pt\/#organization","name":"Mary Me","alternateName":"Mary Me Destination Weddings","url":"https:\/\/maryme.pt\/pt-pt\/","logo":{"@type":"ImageObject","inLanguage":"pt-PT","@id":"https:\/\/maryme.pt\/pt-pt\/#\/schema\/logo\/image\/","url":"https:\/\/maryme.pt\/wp-content\/uploads\/2023\/07\/mm-favicon.jpg","contentUrl":"https:\/\/maryme.pt\/wp-content\/uploads\/2023\/07\/mm-favicon.jpg","width":512,"height":512,"caption":"Mary Me"},"image":{"@id":"https:\/\/maryme.pt\/pt-pt\/#\/schema\/logo\/image\/"},"sameAs":["https:\/\/www.facebook.com\/maryme.portugalweddings","https:\/\/www.instagram.com\/maryme.portugalweddings","https:\/\/www.youtube.com\/@maryme.portugalweddings","https:\/\/www.pinterest.pt\/marymeportugalweddings\/"]}]}},"_links":{"self":[{"href":"https:\/\/maryme.pt\/pt-pt\/wp-json\/wp\/v2\/real-weddings\/99198","targetHints":{"allow":["GET"]}}],"collection":[{"href":"https:\/\/maryme.pt\/pt-pt\/wp-json\/wp\/v2\/real-weddings"}],"about":[{"href":"https:\/\/maryme.pt\/pt-pt\/wp-json\/wp\/v2\/types\/real-weddings"}],"wp:featuredmedia":[{"embeddable":true,"href":"https:\/\/maryme.pt\/pt-pt\/wp-json\/wp\/v2\/media\/99197"}],"wp:attachment":[{"href":"https:\/\/maryme.pt\/pt-pt\/wp-json\/wp\/v2\/media?parent=99198"}],"wp:term":[{"taxonomy":"category","embeddable":true,"href":"https:\/\/maryme.pt\/pt-pt\/wp-json\/wp\/v2\/categories?post=99198"},{"taxonomy":"post_tag","embeddable":true,"href":"https:\/\/maryme.pt\/pt-pt\/wp-json\/wp\/v2\/tags?post=99198"}],"curies":[{"name":"wp","href":"https:\/\/api.w.org\/{rel}","templated":true}]}}

Pestana Palácio do Freixo

Por Trás dos Votos

A história de Sabrina e Troy teve início há mais de uma década. Conheceram-se no verão de 2011, quando tinham apenas quinze anos, viviam em cidades vizinhas e tinham amigos em comum. Passaram o resto do ensino secundário juntos, criando muitas memórias ao longo do caminho.  <br>
<br>A Sabrina é portuguesa e, enquanto crescia, passava quase todos os verões em Portugal com os avós. Como seria de esperar, o Troy apaixonou-se rapidamente por Portugal e, poucas horas depois de terem chegado à sua primeira viagem juntos ao Porto, decidiu pedir a Sabrina em casamento. O casamento deles será um momento em que o círculo se fecha!

Com Amor e Gratidão

Os Nossos Parceiros de Criação

<ul>
<li><b>Wedding Planner:</b> <a href="https://maryme.pt/" target="_blank">Mary Me Portugal Weddings</a></li>
<li><b>Espaço:</b> <a href="https://www.pestana.com/pt/hotel/freixo-palace" target="_blank">Pestana Palácio do Freixo</a></li>
<li><b>Decor:</b> <a href="https://eventosprive.com/" target="_blank">Eventos Privé</a></li>
<li><b>Fotografia:</b> <a href="https://artemagna.pt/" target="_blank">Arte Magna</a></li>
<li><b>Videografia:</b> <a href="https://www.wemotionfilms.com/" _blank="">We Motion</a></li>
<li><b>Cabelo & Make Up:</b> <a href="https://www.elisaalmeida.com/" target="_blank">Elisa Almeida</a></li>
<li><b>Entretenimento - Festa:</b> <a href="https://www.thegroovy.pt/pt/" target="_blank">The Groovy</a></li>
<li><b>Bolo de Casamento:</b> <a href="https://www.cempecadosatelier.com/" target="_blank">Cem Pecados</a></li>
</ul>

A Preparação

Cerimónia

Sessão de Casal

Decoração

Corte do Bolo & Fogo de Artifício

<!-- This site is optimized with the Yoast SEO Premium plugin v25.1 (Yoast SEO v26.3) - https://yoast.com/wordpress/plugins/seo/ -->
<title>Sabrina &amp; Troy Wedding at Pestana Palácio do Freixo (Porto) | Mary Me Portugal Weddings</title>
<meta name="description" content="Sabrina &amp; Troy real wedding in Portugal at Pestana Palácio do Freixo . See their beautiful gallery and story." />
<meta name="robots" content="index, follow, max-snippet:-1, max-image-preview:large, max-video-preview:-1" />
<link rel="canonical" href="https://maryme.pt/pt-pt/real-weddings/sabrina-troy/" />
<meta property="og:locale" content="pt_PT" />
<meta property="og:type" content="article" />
<meta property="og:title" content="Sabrina &amp; Troy Wedding at Pestana Palácio do Freixo (Porto)" />
<meta property="og:description" content="Sabrina &amp; Troy real wedding in Portugal at Pestana Palácio do Freixo . See their beautiful gallery and story." />
<meta property="og:url" content="https://maryme.pt/pt-pt/real-weddings/sabrina-troy/" />
<meta property="og:site_name" content="Mary Me Portugal Weddings" />
<meta property="article:publisher" content="https://www.facebook.com/maryme.portugalweddings" />
<meta property="og:image" content="https://maryme.pt/wp-content/uploads/2026/04/637-Sabrina-Troy.jpg" />
	<meta property="og:image:width" content="1067" />
	<meta property="og:image:height" content="1600" />
	<meta property="og:image:type" content="image/jpeg" />
<meta name="twitter:card" content="summary_large_image" />
<!-- / Yoast SEO Premium plugin. -->

Sabrina &amp; Troy Wedding at Pestana Palácio do Freixo (Porto) | Mary Me Portugal Weddings

Sabrina & Troy real wedding in Portugal at Pestana Palácio do Freixo . See their beautiful gallery and story.

Sabrina &amp; Troy Wedding at Pestana Palácio do Freixo (Porto)
